CRAN Package Check Results for Package redux

Last updated on 2021-05-09 22:47:09 CEST.

Flavor Version Tinstall Tcheck Ttotal Status Flags
r-devel-linux-x86_64-debian-clang 1.1.0 7.58 35.05 42.63 NOTE
r-devel-linux-x86_64-debian-gcc 1.1.0 5.76 26.74 32.50 NOTE
r-devel-linux-x86_64-fedora-clang 1.1.0 61.76 NOTE
r-devel-linux-x86_64-fedora-gcc 1.1.0 51.83 NOTE
r-devel-windows-ix86+x86_64 1.1.0 21.00 74.00 95.00 NOTE
r-devel-windows-x86_64-gcc10-UCRT 1.1.0 NOTE
r-patched-linux-x86_64 1.1.0 8.13 34.35 42.48 NOTE
r-release-linux-x86_64 1.1.0 6.77 33.15 39.92 OK
r-release-macos-x86_64 1.1.0 OK
r-release-windows-ix86+x86_64 1.1.0 21.00 67.00 88.00 OK
r-oldrel-macos-x86_64 1.1.0 OK
r-oldrel-windows-ix86+x86_64 1.1.0 25.00 68.00 93.00 OK

Check Details

Version: 1.1.0
Check: LazyData
Result: NOTE
     'LazyData' is specified without a 'data' directory
Flavors: r-devel-linux-x86_64-debian-clang, r-devel-linux-x86_64-debian-gcc, r-devel-linux-x86_64-fedora-clang, r-devel-linux-x86_64-fedora-gcc, r-devel-windows-ix86+x86_64, r-devel-windows-x86_64-gcc10-UCRT, r-patched-linux-x86_64

Version: 1.1.0
Check: top-level files
Result: NOTE
    ‘configure’: /bin/bash is not portable
Flavors: r-devel-linux-x86_64-fedora-clang, r-devel-linux-x86_64-fedora-gcc