Last updated on 2025-01-18 22:49:02 CET.
Flavor | Version | Tinstall | Tcheck | Ttotal | Status | Flags |
---|---|---|---|---|---|---|
r-devel-linux-x86_64-debian-clang | 0.1.0 | 1.60 | 17.62 | 19.22 | NOTE | |
r-devel-linux-x86_64-debian-gcc | 0.1.0 | 1.41 | 14.30 | 15.71 | NOTE | |
r-devel-linux-x86_64-fedora-clang | 0.1.0 | 31.54 | NOTE | |||
r-devel-linux-x86_64-fedora-gcc | 0.1.0 | 31.20 | NOTE | |||
r-devel-windows-x86_64 | 0.1.0 | 3.00 | 41.00 | 44.00 | NOTE | |
r-patched-linux-x86_64 | 0.1.0 | 1.93 | 16.76 | 18.69 | NOTE | |
r-release-linux-x86_64 | 0.1.0 | 1.52 | 16.87 | 18.39 | NOTE | |
r-release-macos-arm64 | 0.1.0 | 15.00 | NOTE | |||
r-release-macos-x86_64 | 0.1.0 | 20.00 | NOTE | |||
r-release-windows-x86_64 | 0.1.0 | 5.00 | 43.00 | 48.00 | NOTE | |
r-oldrel-macos-arm64 | 0.1.0 | 17.00 | OK | |||
r-oldrel-macos-x86_64 | 0.1.0 | 21.00 | OK | |||
r-oldrel-windows-x86_64 | 0.1.0 | 4.00 | 41.00 | 45.00 | OK |
Version: 0.1.0
Check: Rd files
Result: NOTE
checkRd: (-1) make_refreshable.Rd:13: Lost braces
13 | not that quotes need to be escaped (code{\"}).}
| ^
Flavors: r-devel-linux-x86_64-debian-clang, r-devel-linux-x86_64-debian-gcc, r-devel-linux-x86_64-fedora-clang, r-devel-linux-x86_64-fedora-gcc, r-devel-windows-x86_64, r-patched-linux-x86_64, r-release-linux-x86_64, r-release-macos-arm64, r-release-macos-x86_64, r-release-windows-x86_64