CRAN Package Check Results for Package refuge

Last updated on 2024-02-23 23:10:16 CET.

Flavor Version Tinstall Tcheck Ttotal Status Flags
r-devel-linux-x86_64-debian-clang 0.3.3 NOTE
r-devel-linux-x86_64-debian-gcc 0.3.3 3.83 34.63 38.46 NOTE
r-devel-linux-x86_64-fedora-clang 0.3.3 63.16 NOTE
r-devel-linux-x86_64-fedora-gcc 0.3.3 71.16 NOTE
r-devel-windows-x86_64 0.3.3 5.00 57.00 62.00 NOTE
r-patched-linux-x86_64 0.3.3 4.62 43.45 48.07 NOTE
r-release-linux-x86_64 0.3.3 3.32 43.71 47.03 NOTE
r-release-macos-arm64 0.3.3 28.00 NOTE
r-release-macos-x86_64 0.3.3 43.00 NOTE
r-release-windows-x86_64 0.3.3 6.00 60.00 66.00 NOTE
r-oldrel-macos-arm64 0.3.3 24.00 NOTE
r-oldrel-windows-x86_64 0.3.3 7.00 65.00 72.00 NOTE

Check Details

Version: 0.3.3
Check: LazyData
Result: NOTE 'LazyData' is specified without a 'data' directory Flavors: r-devel-linux-x86_64-debian-clang, r-devel-linux-x86_64-debian-gcc, r-devel-linux-x86_64-fedora-clang, r-devel-linux-x86_64-fedora-gcc, r-devel-windows-x86_64, r-patched-linux-x86_64, r-release-linux-x86_64, r-release-macos-arm64, r-release-macos-x86_64, r-release-windows-x86_64, r-oldrel-macos-arm64, r-oldrel-windows-x86_64