CRAN Package Check Results for Package refuge

Last updated on 2019-09-17 22:48:16 CEST.

Flavor Version Tinstall Tcheck Ttotal Status Flags
r-devel-linux-x86_64-debian-clang 0.3.2 3.76 51.28 55.04 OK
r-devel-linux-x86_64-debian-gcc 0.3.2 2.77 40.96 43.73 OK
r-devel-linux-x86_64-fedora-clang 0.3.2 55.42 OK
r-devel-linux-x86_64-fedora-gcc 0.3.2 57.05 OK
r-devel-windows-ix86+x86_64 0.3.2 19.00 282.00 301.00 WARN
r-patched-linux-x86_64 0.3.2 3.15 50.70 53.85 OK
r-patched-solaris-x86 0.3.2 68.30 OK
r-release-linux-x86_64 0.3.2 3.58 51.23 54.81 OK
r-release-windows-ix86+x86_64 0.3.2 9.00 344.00 353.00 OK
r-release-osx-x86_64 0.3.2 OK
r-oldrel-windows-ix86+x86_64 0.3.2 9.00 273.00 282.00 OK
r-oldrel-osx-x86_64 0.3.2 OK

Check Details

Version: 0.3.2
Check: re-building of vignette outputs
Result: WARN
    Error(s) in re-building vignettes:
    --- re-building 'introduction.Rmd' using rmarkdown
    Quitting from lines 27-67 (introduction.Rmd)
    Error: processing vignette 'introduction.Rmd' failed with diagnostics:
    error:14094438:SSL routines:ssl3_read_bytes:tlsv1 alert internal error
    --- failed re-building 'introduction.Rmd'
    
    SUMMARY: processing the following file failed:
     'introduction.Rmd'
    
    Error: Vignette re-building failed.
    Execution halted
Flavor: r-devel-windows-ix86+x86_64