CRAN Package Check Results for Package refuge

Last updated on 2021-11-28 22:51:25 CET.

Flavor Version Tinstall Tcheck Ttotal Status Flags
r-devel-linux-x86_64-debian-clang 0.3.3 NOTE
r-devel-linux-x86_64-debian-gcc 0.3.3 3.32 35.53 38.85 NOTE
r-devel-linux-x86_64-fedora-clang 0.3.3 69.53 NOTE
r-devel-linux-x86_64-fedora-gcc 0.3.3 56.23 NOTE
r-devel-windows-x86_64-new-UL 0.3.3 11.00 83.00 94.00 NOTE
r-devel-windows-x86_64-new-TK 0.3.3 NOTE
r-devel-windows-x86_64-old 0.3.3 6.00 66.00 72.00 NOTE
r-patched-linux-x86_64 0.3.3 4.25 41.48 45.73 NOTE
r-patched-solaris-x86 0.3.3 84.20 NOTE
r-release-linux-x86_64 0.3.3 3.96 40.72 44.68 NOTE
r-release-macos-arm64 0.3.3 NOTE
r-release-macos-x86_64 0.3.3 NOTE
r-release-windows-ix86+x86_64 0.3.3 11.00 47.00 58.00 NOTE
r-oldrel-macos-x86_64 0.3.3 OK
r-oldrel-windows-ix86+x86_64 0.3.3 21.00 61.00 82.00 OK

Check Details

Version: 0.3.3
Check: LazyData
Result: NOTE
     'LazyData' is specified without a 'data' directory
Flavors: r-devel-linux-x86_64-debian-clang, r-devel-linux-x86_64-debian-gcc, r-devel-linux-x86_64-fedora-clang, r-devel-linux-x86_64-fedora-gcc, r-devel-windows-x86_64-new-UL, r-devel-windows-x86_64-new-TK, r-devel-windows-x86_64-old, r-patched-linux-x86_64, r-patched-solaris-x86, r-release-linux-x86_64, r-release-macos-arm64, r-release-macos-x86_64, r-release-windows-ix86+x86_64