CRAN Package Check Results for Package regRSM

Last updated on 2021-05-15 22:50:23 CEST.

Flavor Version Tinstall Tcheck Ttotal Status Flags
r-devel-linux-x86_64-debian-clang 0.5 3.54 55.91 59.45 OK
r-devel-linux-x86_64-debian-gcc 0.5 2.32 43.50 45.82 OK
r-devel-linux-x86_64-fedora-clang 0.5 86.23 OK
r-devel-linux-x86_64-fedora-gcc 0.5 74.03 OK
r-devel-windows-ix86+x86_64 0.5 6.00 51.00 57.00 OK
r-devel-windows-x86_64-gcc10-UCRT 0.5 OK
r-patched-linux-x86_64 0.5 3.48 55.78 59.26 OK
r-patched-solaris-x86 0.5 96.00 OK
r-release-linux-x86_64 0.5 3.47 55.68 59.15 OK
r-release-macos-x86_64 0.5 ERROR
r-release-windows-ix86+x86_64 0.5 4.00 70.00 74.00 OK
r-oldrel-macos-x86_64 0.5 ERROR
r-oldrel-windows-ix86+x86_64 0.5 4.00 65.00 69.00 OK

Check Details

Version: 0.5
Check: package dependencies
Result: ERROR
    Package required but not available: ‘Rmpi’
    
    See section ‘The DESCRIPTION file’ in the ‘Writing R Extensions’
    manual.
Flavors: r-release-macos-x86_64, r-oldrel-macos-x86_64