CRAN Package Check Results for Package regioncode

Last updated on 2021-11-28 22:51:25 CET.

Flavor Version Tinstall Tcheck Ttotal Status Flags
r-devel-linux-x86_64-debian-clang 0.1.1 OK
r-devel-linux-x86_64-debian-gcc 0.1.1 3.20 40.01 43.21 OK
r-devel-linux-x86_64-fedora-clang 0.1.1 79.99 NOTE
r-devel-linux-x86_64-fedora-gcc 0.1.1 65.70 NOTE
r-devel-windows-x86_64-new-UL 0.1.1 13.00 89.00 102.00 OK
r-devel-windows-x86_64-new-TK 0.1.1 NOTE
r-devel-windows-x86_64-old 0.1.1 7.00 88.00 95.00 OK
r-patched-linux-x86_64 0.1.1 4.98 47.41 52.39 OK
r-patched-solaris-x86 0.1.1 88.60 NOTE
r-release-linux-x86_64 0.1.1 4.59 46.97 51.56 OK
r-release-macos-arm64 0.1.1 NOTE
r-release-macos-x86_64 0.1.1 NOTE
r-release-windows-ix86+x86_64 0.1.1 14.00 63.00 77.00 OK
r-oldrel-macos-x86_64 0.1.1 NOTE
r-oldrel-windows-ix86+x86_64 0.1.1 23.00 83.00 106.00 OK

Check Details

Version: 0.1.1
Check: dependencies in R code
Result: NOTE
    Namespaces in Imports field not imported from:
     ‘knitr’ ‘textshaping’
     All declared Imports should be used.
Flavors: r-devel-linux-x86_64-fedora-clang, r-devel-linux-x86_64-fedora-gcc, r-devel-windows-x86_64-new-TK, r-patched-solaris-x86, r-release-macos-arm64, r-release-macos-x86_64, r-oldrel-macos-x86_64

Version: 0.1.1
Check: data for non-ASCII characters
Result: NOTE
     Note: found 20 marked UTF-8 strings
Flavors: r-devel-linux-x86_64-fedora-clang, r-devel-linux-x86_64-fedora-gcc, r-devel-windows-x86_64-new-TK, r-patched-solaris-x86, r-release-macos-arm64, r-release-macos-x86_64, r-oldrel-macos-x86_64