CRAN Package Check Results for Package regmedint

Last updated on 2021-05-14 23:50:58 CEST.

Flavor Version Tinstall Tcheck Ttotal Status Flags
r-devel-linux-x86_64-debian-clang 0.2.0 10.26 179.71 189.97 OK
r-devel-linux-x86_64-debian-gcc 0.2.1 8.89 131.74 140.63 OK
r-devel-linux-x86_64-fedora-clang 0.2.1 228.58 NOTE
r-devel-linux-x86_64-fedora-gcc 0.2.1 234.80 NOTE
r-devel-windows-ix86+x86_64 0.2.1 20.00 215.00 235.00 OK
r-devel-windows-x86_64-gcc10-UCRT 0.2.1 WARN
r-patched-linux-x86_64 0.2.1 8.75 172.94 181.69 OK
r-patched-solaris-x86 0.2.1 254.20 NOTE
r-release-linux-x86_64 0.2.1 8.50 171.15 179.65 OK
r-release-macos-x86_64 0.2.1 NOTE
r-release-windows-ix86+x86_64 0.2.0 15.00 234.00 249.00 OK
r-oldrel-macos-x86_64 0.2.1 NOTE
r-oldrel-windows-ix86+x86_64 0.2.1 13.00 147.00 160.00 OK

Check Details

Version: 0.2.1
Check: dependencies in R code
Result: NOTE
    Namespace in Imports field not imported from: ‘Deriv’
     All declared Imports should be used.
Flavors: r-devel-linux-x86_64-fedora-clang, r-devel-linux-x86_64-fedora-gcc, r-devel-windows-x86_64-gcc10-UCRT, r-patched-solaris-x86, r-release-macos-x86_64, r-oldrel-macos-x86_64

Version: 0.2.1
Check: files in ‘vignettes’
Result: WARN
    Files in the 'vignettes' directory newer than same file in 'inst/doc':
     'vig_02_formulas.Rmd'
Flavor: r-devel-windows-x86_64-gcc10-UCRT