CRAN Package Check Results for Package regmedint

Last updated on 2021-07-27 22:53:58 CEST.

Flavor Version Tinstall Tcheck Ttotal Status Flags
r-devel-linux-x86_64-debian-clang 0.2.1 10.95 182.40 193.35 OK
r-devel-linux-x86_64-debian-gcc 0.2.1 7.26 133.94 141.20 OK
r-devel-linux-x86_64-fedora-clang 0.2.1 239.25 NOTE
r-devel-linux-x86_64-fedora-gcc 0.2.1 232.11 NOTE
r-devel-windows-x86_64 0.2.1 16.00 225.00 241.00 OK
r-devel-windows-x86_64-gcc10-UCRT 0.2.1 NOTE
r-patched-linux-x86_64 0.2.1 10.91 170.47 181.38 OK
r-patched-solaris-x86 0.2.1 287.10 NOTE
r-release-linux-x86_64 0.2.1 11.20 171.80 183.00 OK
r-release-macos-arm64 0.2.1 NOTE
r-release-macos-x86_64 0.2.1 NOTE
r-release-windows-ix86+x86_64 0.2.1 19.00 159.00 178.00 OK
r-oldrel-macos-x86_64 0.2.1 NOTE
r-oldrel-windows-ix86+x86_64 0.2.1 13.00 220.00 233.00 OK

Check Details

Version: 0.2.1
Check: dependencies in R code
Result: NOTE
    Namespace in Imports field not imported from: ‘Deriv’
     All declared Imports should be used.
Flavors: r-devel-linux-x86_64-fedora-clang, r-devel-linux-x86_64-fedora-gcc, r-devel-windows-x86_64-gcc10-UCRT, r-patched-solaris-x86, r-release-macos-arm64, r-release-macos-x86_64, r-oldrel-macos-x86_64