CRAN Package Check Results for Package regnet

Last updated on 2024-06-13 22:49:41 CEST.

Flavor Version Tinstall Tcheck Ttotal Status Flags
r-devel-linux-x86_64-debian-clang 1.0.1 194.40 60.68 255.08 OK
r-devel-linux-x86_64-debian-gcc 1.0.1 0.53 1.71 2.24 ERROR
r-devel-linux-x86_64-fedora-clang 1.0.1 377.78 OK
r-devel-linux-x86_64-fedora-gcc 1.0.1 364.88 OK
r-devel-windows-x86_64 1.0.1 138.00 86.00 224.00 OK
r-patched-linux-x86_64 1.0.1 147.10 56.66 203.76 OK
r-release-linux-x86_64 1.0.1 152.33 58.92 211.25 OK
r-release-macos-arm64 1.0.1 77.00 NOTE
r-release-macos-x86_64 1.0.1 65.00 NOTE
r-release-windows-x86_64 1.0.1 137.00 88.00 225.00 OK
r-oldrel-macos-arm64 1.0.1 68.00 NOTE
r-oldrel-macos-x86_64 1.0.1 98.00 NOTE
r-oldrel-windows-x86_64 1.0.1 168.00 94.00 262.00 OK

Check Details

Version: 1.0.1
Check: package dependencies
Result: ERROR Package required but not available: ‘igraph’ Package suggested but not available for checking: ‘testthat’ See section ‘The DESCRIPTION file’ in the ‘Writing R Extensions’ manual. Flavor: r-devel-linux-x86_64-debian-gcc

Version: 1.0.1
Check: installed package size
Result: NOTE installed size is 7.3Mb sub-directories of 1Mb or more: data 2.4Mb libs 4.8Mb Flavors: r-release-macos-arm64, r-release-macos-x86_64, r-oldrel-macos-arm64, r-oldrel-macos-x86_64