CRAN Package Check Results for Package regrap

Last updated on 2024-02-25 23:02:18 CET.

Flavor Version Tinstall Tcheck Ttotal Status Flags
r-devel-linux-x86_64-debian-clang 1.0.1 2.31 23.54 25.85 NOTE
r-devel-linux-x86_64-debian-gcc 1.0.1 1.98 18.18 20.16 NOTE
r-devel-linux-x86_64-fedora-clang 1.0.1 31.92 NOTE
r-devel-linux-x86_64-fedora-gcc 1.0.1 30.56 NOTE
r-devel-windows-x86_64 1.0.1 4.00 40.00 44.00 NOTE
r-patched-linux-x86_64 1.0.1 2.43 23.16 25.59 NOTE
r-release-linux-x86_64 1.0.1 2.36 23.55 25.91 NOTE
r-release-macos-arm64 1.0.1 15.00 NOTE
r-release-macos-x86_64 1.0.1 20.00 NOTE
r-release-windows-x86_64 1.0.1 3.00 40.00 43.00 NOTE
r-oldrel-macos-arm64 1.0.1 15.00 NOTE
r-oldrel-windows-x86_64 1.0.1 4.00 44.00 48.00 NOTE

Check Details

Version: 1.0.1
Check: LazyData
Result: NOTE 'LazyData' is specified without a 'data' directory Flavors: r-devel-linux-x86_64-debian-clang, r-devel-linux-x86_64-debian-gcc, r-devel-linux-x86_64-fedora-clang, r-devel-linux-x86_64-fedora-gcc, r-devel-windows-x86_64, r-patched-linux-x86_64, r-release-linux-x86_64, r-release-macos-arm64, r-release-macos-x86_64, r-release-windows-x86_64, r-oldrel-macos-arm64, r-oldrel-windows-x86_64