Last updated on 2024-04-24 23:00:31 CEST.
Flavor | Version | Tinstall | Tcheck | Ttotal | Status | Flags |
---|---|---|---|---|---|---|
r-devel-linux-x86_64-debian-clang | 3.2.2 | 14.62 | 230.27 | 244.89 | NOTE | |
r-devel-linux-x86_64-debian-gcc | 3.2.2 | 10.23 | 179.86 | 190.09 | NOTE | |
r-devel-linux-x86_64-fedora-clang | 3.2.2 | 323.36 | NOTE | |||
r-devel-linux-x86_64-fedora-gcc | 3.2.2 | 321.07 | NOTE | |||
r-devel-windows-x86_64 | 3.2.2 | 20.00 | 378.00 | 398.00 | NOTE | |
r-patched-linux-x86_64 | 3.2.2 | 14.02 | 227.19 | 241.21 | NOTE | |
r-release-linux-x86_64 | 3.2.2 | 13.44 | 222.80 | 236.24 | OK | |
r-release-macos-arm64 | 3.2.2 | 96.00 | OK | |||
r-release-windows-x86_64 | 3.2.2 | 19.00 | 244.00 | 263.00 | NOTE | |
r-oldrel-macos-arm64 | 3.2.2 | 90.00 | OK | |||
r-oldrel-macos-x86_64 | 3.2.2 | 161.00 | OK | |||
r-oldrel-windows-x86_64 | 3.2.2 | 21.00 | 479.00 | 500.00 | OK |
Version: 3.2.2
Check: Rd files
Result: NOTE
checkRd: (-1) plot.ehh.Rd:27: Lost braces
27 | \item{type}{plot type (see code{\link[graphics]{plot.default}} and \code{\link[graphics]{matplot}}).
| ^
checkRd: (-1) plot.ehhs.Rd:27: Lost braces
27 | \item{type}{plot type (see code{\link[graphics]{plot.default}}.
| ^
Flavors: r-devel-linux-x86_64-debian-clang, r-devel-linux-x86_64-debian-gcc, r-devel-linux-x86_64-fedora-clang, r-devel-linux-x86_64-fedora-gcc, r-devel-windows-x86_64, r-patched-linux-x86_64, r-release-windows-x86_64
Version: 3.2.2
Check: compiled code
Result: NOTE
File ‘rehh/libs/rehh.so’:
Found non-API call to R: ‘SETLENGTH’
Compiled code should not call non-API entry points in R.
See ‘Writing portable packages’ in the ‘Writing R Extensions’ manual.
Flavors: r-devel-linux-x86_64-debian-clang, r-devel-linux-x86_64-debian-gcc, r-devel-linux-x86_64-fedora-clang, r-devel-linux-x86_64-fedora-gcc