CRAN Package Check Results for Package rehydratoR

Last updated on 2021-12-02 22:56:04 CET.

Flavor Version Tinstall Tcheck Ttotal Status Flags
r-devel-linux-x86_64-debian-clang 0.5.2 3.84 40.46 44.30 NOTE
r-devel-linux-x86_64-debian-gcc 0.5.2 3.20 30.95 34.15 NOTE
r-devel-linux-x86_64-fedora-clang 0.5.2 63.72 NOTE
r-devel-linux-x86_64-fedora-gcc 0.5.2 51.34 NOTE
r-devel-windows-x86_64-new-UL 0.5.2 10.00 76.00 86.00 NOTE
r-devel-windows-x86_64-new-TK 0.5.2 NOTE
r-devel-windows-x86_64-old 0.5.2 7.00 44.00 51.00 NOTE
r-patched-linux-x86_64 0.5.2 4.11 36.84 40.95 NOTE
r-patched-solaris-x86 0.5.2 79.30 NOTE
r-release-linux-x86_64 0.5.2 4.20 36.71 40.91 NOTE
r-release-macos-arm64 0.5.2 NOTE
r-release-macos-x86_64 0.5.2 NOTE
r-release-windows-ix86+x86_64 0.5.2 12.00 59.00 71.00 NOTE
r-oldrel-macos-x86_64 0.5.2 OK
r-oldrel-windows-ix86+x86_64 0.5.2 12.00 54.00 66.00 OK

Check Details

Version: 0.5.2
Check: LazyData
Result: NOTE
     'LazyData' is specified without a 'data' directory
Flavors: r-devel-linux-x86_64-debian-clang, r-devel-linux-x86_64-debian-gcc, r-devel-linux-x86_64-fedora-clang, r-devel-linux-x86_64-fedora-gcc, r-devel-windows-x86_64-new-UL, r-devel-windows-x86_64-new-TK, r-devel-windows-x86_64-old, r-patched-linux-x86_64, r-patched-solaris-x86, r-release-linux-x86_64, r-release-macos-arm64, r-release-macos-x86_64, r-release-windows-ix86+x86_64