CRAN Package Check Results for Package reinforcelearn

Last updated on 2019-09-21 22:49:07 CEST.

Flavor Version Tinstall Tcheck Ttotal Status Flags
r-devel-linux-x86_64-debian-clang 0.2.1 16.53 34.69 51.22 OK
r-devel-linux-x86_64-debian-gcc 0.2.1 11.89 27.92 39.81 OK
r-devel-linux-x86_64-fedora-clang 0.2.1 61.49 NOTE
r-devel-linux-x86_64-fedora-gcc 0.2.1 61.43 NOTE
r-devel-windows-ix86+x86_64 0.2.1 30.00 52.00 82.00 OK
r-patched-linux-x86_64 0.2.1 13.76 34.14 47.90 OK
r-patched-solaris-x86 0.2.1 82.40 NOTE
r-release-linux-x86_64 0.2.1 16.85 34.32 51.17 OK
r-release-windows-ix86+x86_64 0.2.1 19.00 54.00 73.00 OK
r-release-osx-x86_64 0.2.1 NOTE
r-oldrel-windows-ix86+x86_64 0.2.1 15.00 49.00 64.00 OK
r-oldrel-osx-x86_64 0.2.1 NOTE

Check Details

Version: 0.2.1
Check: dependencies in R code
Result: NOTE
    Namespaces in Imports field not imported from:
     ‘R6’ ‘nnet’ ‘purrr’
     All declared Imports should be used.
Flavors: r-devel-linux-x86_64-fedora-clang, r-devel-linux-x86_64-fedora-gcc, r-patched-solaris-x86, r-release-osx-x86_64, r-oldrel-osx-x86_64