CRAN Package Check Results for Package reinforcelearn

Last updated on 2020-02-22 22:47:58 CET.

Flavor Version Tinstall Tcheck Ttotal Status Flags
r-devel-linux-x86_64-debian-clang 0.2.1 16.26 39.43 55.69 OK
r-devel-linux-x86_64-debian-gcc 0.2.1 13.10 30.57 43.67 OK
r-devel-linux-x86_64-fedora-clang 0.2.1 75.18 NOTE
r-devel-linux-x86_64-fedora-gcc 0.2.1 73.69 NOTE
r-devel-windows-ix86+x86_64 0.2.1 23.00 51.00 74.00 OK
r-devel-windows-ix86+x86_64-gcc8 0.2.1 32.00 55.00 87.00 OK
r-patched-linux-x86_64 0.2.1 OK
r-patched-solaris-x86 0.2.1 86.90 NOTE
r-release-linux-x86_64 0.2.1 10.88 35.45 46.33 OK
r-release-windows-ix86+x86_64 0.2.1 19.00 55.00 74.00 OK
r-release-osx-x86_64 0.2.1 NOTE
r-oldrel-windows-ix86+x86_64 0.2.1 24.00 52.00 76.00 OK
r-oldrel-osx-x86_64 0.2.1 NOTE

Check Details

Version: 0.2.1
Check: dependencies in R code
Result: NOTE
    Namespaces in Imports field not imported from:
     ‘R6’ ‘nnet’ ‘purrr’
     All declared Imports should be used.
Flavors: r-devel-linux-x86_64-fedora-clang, r-devel-linux-x86_64-fedora-gcc, r-patched-solaris-x86, r-release-osx-x86_64, r-oldrel-osx-x86_64