CRAN Package Check Results for Package reinsureR

Last updated on 2021-05-16 22:50:03 CEST.

Flavor Version Tinstall Tcheck Ttotal Status Flags
r-devel-linux-x86_64-debian-clang 0.1.0 9.33 56.00 65.33 NOTE
r-devel-linux-x86_64-debian-gcc 0.1.0 6.53 42.60 49.13 NOTE
r-devel-linux-x86_64-fedora-clang 0.1.0 85.92 NOTE
r-devel-linux-x86_64-fedora-gcc 0.1.0 79.89 NOTE
r-devel-windows-ix86+x86_64 0.1.0 25.00 78.00 103.00 NOTE
r-devel-windows-x86_64-gcc10-UCRT 0.1.0 NOTE
r-patched-linux-x86_64 0.1.0 8.27 54.36 62.63 NOTE
r-patched-solaris-x86 0.1.0 111.00 NOTE
r-release-linux-x86_64 0.1.0 8.71 52.00 60.71 OK
r-release-macos-x86_64 0.1.0 OK
r-release-windows-ix86+x86_64 0.1.0 15.00 57.00 72.00 OK
r-oldrel-macos-x86_64 0.1.0 OK
r-oldrel-windows-ix86+x86_64 0.1.0 12.00 75.00 87.00 OK

Check Details

Version: 0.1.0
Check: LazyData
Result: NOTE
     'LazyData' is specified without a 'data' directory
Flavors: r-devel-linux-x86_64-debian-clang, r-devel-linux-x86_64-debian-gcc, r-devel-linux-x86_64-fedora-clang, r-devel-linux-x86_64-fedora-gcc, r-devel-windows-ix86+x86_64, r-devel-windows-x86_64-gcc10-UCRT, r-patched-linux-x86_64, r-patched-solaris-x86