Last updated on 2023-09-29 21:54:04 CEST.
Flavor | Version | Tinstall | Tcheck | Ttotal | Status | Flags |
---|---|---|---|---|---|---|
r-devel-linux-x86_64-debian-clang | 0.6-13 | 10.11 | 102.59 | 112.70 | OK | |
r-devel-linux-x86_64-debian-gcc | 0.6-13 | 7.99 | 74.31 | 82.30 | OK | |
r-devel-linux-x86_64-fedora-clang | 0.6-13 | 136.02 | NOTE | |||
r-devel-linux-x86_64-fedora-gcc | 0.6-13 | 154.31 | NOTE | |||
r-devel-windows-x86_64 | 0.6-13 | 9.00 | 116.00 | 125.00 | NOTE | |
r-patched-linux-x86_64 | 0.6-13 | 14.32 | 99.10 | 113.42 | OK | |
r-release-linux-x86_64 | 0.6-13 | 9.15 | 98.68 | 107.83 | OK | |
r-release-macos-arm64 | 0.6-13 | 51.00 | NOTE | |||
r-release-macos-x86_64 | 0.6-13 | 82.00 | NOTE | |||
r-release-windows-x86_64 | 0.6-13 | 12.00 | 125.00 | 137.00 | NOTE | |
r-oldrel-macos-arm64 | 0.6-13 | 45.00 | NOTE | |||
r-oldrel-macos-x86_64 | 0.6-13 | 55.00 | NOTE | |||
r-oldrel-windows-x86_64 | 0.6-13 | 15.00 | 121.00 | 136.00 | NOTE |
Version: 0.6-13
Check: package dependencies
Result: NOTE
Package which this enhances but not available for checking: ‘Rcplex’
Flavors: r-devel-linux-x86_64-fedora-clang, r-devel-linux-x86_64-fedora-gcc, r-devel-windows-x86_64, r-release-macos-arm64, r-release-macos-x86_64, r-release-windows-x86_64, r-oldrel-macos-arm64, r-oldrel-macos-x86_64, r-oldrel-windows-x86_64
Version: 0.6-13
Check: Rd cross-references
Result: NOTE
Undeclared package ‘graph’ in Rd xrefs
Flavor: r-devel-linux-x86_64-fedora-clang