Last updated on 2024-04-22 23:10:02 CEST.
Flavor | Version | Tinstall | Tcheck | Ttotal | Status | Flags |
---|---|---|---|---|---|---|
r-devel-linux-x86_64-debian-clang | 0.1.0 | 4.25 | 50.52 | 54.77 | NOTE | |
r-devel-linux-x86_64-debian-gcc | 0.1.0 | 3.55 | 38.31 | 41.86 | NOTE | |
r-devel-linux-x86_64-fedora-clang | 0.1.0 | 73.12 | NOTE | |||
r-devel-linux-x86_64-fedora-gcc | 0.1.0 | 80.36 | NOTE | |||
r-prerel-macos-arm64 | 0.1.0 | 30.00 | NOTE | |||
r-prerel-windows-x86_64 | 0.1.0 | 6.00 | 64.00 | 70.00 | NOTE | |
r-patched-linux-x86_64 | 0.1.0 | 5.31 | 50.00 | 55.31 | NOTE | |
r-release-linux-x86_64 | 0.1.0 | 4.46 | 47.12 | 51.58 | NOTE | |
r-release-macos-arm64 | 0.1.0 | 32.00 | NOTE | |||
r-release-macos-x86_64 | 0.1.0 | 47.00 | NOTE | |||
r-release-windows-x86_64 | 0.1.0 | 7.00 | 66.00 | 73.00 | NOTE | |
r-oldrel-macos-arm64 | 0.1.0 | 23.00 | NOTE | |||
r-oldrel-windows-x86_64 | 0.1.0 | 7.00 | 70.00 | 77.00 | NOTE |
Version: 0.1.0
Check: LazyData
Result: NOTE
'LazyData' is specified without a 'data' directory
Flavors: r-devel-linux-x86_64-debian-clang, r-devel-linux-x86_64-debian-gcc, r-devel-linux-x86_64-fedora-clang, r-devel-linux-x86_64-fedora-gcc, r-prerel-macos-arm64, r-prerel-windows-x86_64, r-patched-linux-x86_64, r-release-linux-x86_64, r-release-macos-arm64, r-release-macos-x86_64, r-release-windows-x86_64, r-oldrel-macos-arm64, r-oldrel-windows-x86_64