CRAN Package Check Results for Package remedy

Last updated on 2024-02-27 23:08:23 CET.

Flavor Version Tinstall Tcheck Ttotal Status Flags
r-devel-linux-x86_64-debian-clang 0.1.0 5.00 49.29 54.29 NOTE
r-devel-linux-x86_64-debian-gcc 0.1.0 4.20 38.08 42.28 NOTE
r-devel-linux-x86_64-fedora-clang 0.1.0 68.14 NOTE
r-devel-linux-x86_64-fedora-gcc 0.1.0 77.25 NOTE
r-devel-windows-x86_64 0.1.0 6.00 61.00 67.00 NOTE
r-patched-linux-x86_64 0.1.0 6.22 47.87 54.09 NOTE
r-release-linux-x86_64 0.1.0 3.41 49.28 52.69 NOTE
r-release-macos-arm64 0.1.0 32.00 NOTE
r-release-macos-x86_64 0.1.0 47.00 NOTE
r-release-windows-x86_64 0.1.0 8.00 67.00 75.00 NOTE
r-oldrel-macos-arm64 0.1.0 23.00 NOTE
r-oldrel-windows-x86_64 0.1.0 7.00 69.00 76.00 NOTE

Check Details

Version: 0.1.0
Check: LazyData
Result: NOTE 'LazyData' is specified without a 'data' directory Flavors: r-devel-linux-x86_64-debian-clang, r-devel-linux-x86_64-debian-gcc, r-devel-linux-x86_64-fedora-clang, r-devel-linux-x86_64-fedora-gcc, r-devel-windows-x86_64, r-patched-linux-x86_64, r-release-linux-x86_64, r-release-macos-arm64, r-release-macos-x86_64, r-release-windows-x86_64, r-oldrel-macos-arm64, r-oldrel-windows-x86_64