Last updated on 2023-10-02 22:08:09 CEST.
Flavor | Version | Tinstall | Tcheck | Ttotal | Status | Flags |
---|---|---|---|---|---|---|
r-devel-linux-x86_64-debian-clang | 1.0.2 | 20.73 | 207.98 | 228.71 | OK | |
r-devel-linux-x86_64-debian-gcc | 1.0.2 | 16.10 | 156.43 | 172.53 | OK | |
r-devel-linux-x86_64-fedora-clang | 1.0.2 | 296.42 | OK | |||
r-devel-linux-x86_64-fedora-gcc | 1.0.2 | 281.16 | OK | |||
r-devel-windows-x86_64 | 1.0.2 | 16.00 | 165.00 | 181.00 | OK | |
r-patched-linux-x86_64 | 1.0.2 | 13.38 | 202.34 | 215.72 | OK | |
r-release-linux-x86_64 | 1.0.2 | 13.05 | 205.89 | 218.94 | OK | |
r-release-macos-arm64 | 1.0.2 | 89.00 | OK | |||
r-release-macos-x86_64 | 1.0.2 | 129.00 | NOTE | |||
r-release-windows-x86_64 | 1.0.2 | 22.00 | 199.00 | 221.00 | OK | |
r-oldrel-macos-arm64 | 1.0.2 | 87.00 | OK | |||
r-oldrel-macos-x86_64 | 1.0.2 | 100.00 | OK | |||
r-oldrel-windows-x86_64 | 1.0.2 | 26.00 | 196.00 | 222.00 | OK |
Version: 1.0.2
Check: package dependencies
Result: NOTE
Package suggested but not available for checking: ‘ggpubr’
Flavor: r-release-macos-x86_64