CRAN Package Check Results for Package remotePARTS

Last updated on 2024-02-29 22:58:55 CET.

Flavor Version Tinstall Tcheck Ttotal Status Flags
r-devel-linux-x86_64-debian-clang 1.0.4 123.28 388.07 511.35 OK
r-devel-linux-x86_64-debian-gcc 1.0.4 97.25 267.55 364.80 OK
r-devel-linux-x86_64-fedora-clang 1.0.4 595.09 OK
r-devel-linux-x86_64-fedora-gcc 1.0.4 651.37 OK
r-devel-windows-x86_64 1.0.4 90.00 327.00 417.00 OK
r-patched-linux-x86_64 1.0.4 112.81 381.83 494.64 OK
r-release-linux-x86_64 1.0.4 113.60 381.80 495.40 OK
r-release-macos-arm64 1.0.4 206.00 NOTE
r-release-macos-x86_64 1.0.4 392.00 NOTE
r-release-windows-x86_64 1.0.4 110.00 383.00 493.00 OK
r-oldrel-macos-arm64 1.0.4 195.00 NOTE
r-oldrel-windows-x86_64 1.0.4 103.00 375.00 478.00 OK

Check Details

Version: 1.0.4
Check: installed package size
Result: NOTE installed size is 18.0Mb sub-directories of 1Mb or more: libs 16.6Mb Flavors: r-release-macos-arm64, r-release-macos-x86_64, r-oldrel-macos-arm64