CRAN Package Check Results for Package repello

Last updated on 2023-09-21 23:03:29 CEST.

Flavor Version Tinstall Tcheck Ttotal Status Flags
r-devel-linux-x86_64-debian-clang 1.0.1 5.17 46.13 51.30 NOTE
r-devel-linux-x86_64-debian-gcc 1.0.1 4.09 33.26 37.35 NOTE
r-devel-linux-x86_64-fedora-clang 1.0.1 62.20 NOTE
r-devel-linux-x86_64-fedora-gcc 1.0.1 69.87 NOTE
r-devel-windows-x86_64 1.0.1 6.00 58.00 64.00 NOTE
r-patched-linux-x86_64 1.0.1 4.79 41.60 46.39 NOTE
r-release-linux-x86_64 1.0.1 5.93 42.46 48.39 NOTE
r-release-macos-arm64 1.0.1 31.00 NOTE
r-release-macos-x86_64 1.0.1 41.00 NOTE
r-release-windows-x86_64 1.0.1 7.00 62.00 69.00 NOTE
r-oldrel-macos-arm64 1.0.1 25.00 NOTE
r-oldrel-macos-x86_64 1.0.1 43.00 NOTE
r-oldrel-windows-x86_64 1.0.1 7.00 64.00 71.00 NOTE

Check Details

Version: 1.0.1
Check: LazyData
Result: NOTE
     'LazyData' is specified without a 'data' directory
Flavors: r-devel-linux-x86_64-debian-clang, r-devel-linux-x86_64-debian-gcc, r-devel-linux-x86_64-fedora-clang, r-devel-linux-x86_64-fedora-gcc, r-devel-windows-x86_64, r-patched-linux-x86_64, r-release-linux-x86_64, r-release-macos-arm64, r-release-macos-x86_64, r-release-windows-x86_64, r-oldrel-macos-arm64, r-oldrel-macos-x86_64, r-oldrel-windows-x86_64