CRAN Package Check Results for Package repr

Last updated on 2021-09-22 22:56:42 CEST.

Flavor Version Tinstall Tcheck Ttotal Status Flags
r-devel-linux-x86_64-debian-clang 1.1.3 4.29 43.70 47.99 NOTE
r-devel-linux-x86_64-debian-gcc 1.1.3 3.60 33.28 36.88 NOTE
r-devel-linux-x86_64-fedora-clang 1.1.3 65.97 NOTE
r-devel-linux-x86_64-fedora-gcc 1.1.3 109.51 NOTE
r-devel-windows-x86_64 1.1.3 6.00 50.00 56.00 NOTE
r-devel-windows-x86_64-gcc10-UCRT 1.1.3 ERROR
r-patched-linux-x86_64 1.1.3 5.02 41.15 46.17 NOTE
r-patched-solaris-x86 1.1.3 83.80 NOTE
r-release-linux-x86_64 1.1.3 4.49 40.91 45.40 NOTE
r-release-macos-arm64 1.1.3 NOTE
r-release-macos-x86_64 1.1.3 NOTE
r-release-windows-ix86+x86_64 1.1.3 9.00 49.00 58.00 NOTE
r-oldrel-macos-x86_64 1.1.3 OK
r-oldrel-windows-ix86+x86_64 1.1.3 6.00 52.00 58.00 OK

Check Details

Version: 1.1.3
Check: LazyData
Result: NOTE
     'LazyData' is specified without a 'data' directory
Flavors: r-devel-linux-x86_64-debian-clang, r-devel-linux-x86_64-debian-gcc, r-devel-linux-x86_64-fedora-clang, r-devel-linux-x86_64-fedora-gcc, r-devel-windows-x86_64, r-devel-windows-x86_64-gcc10-UCRT, r-patched-linux-x86_64, r-patched-solaris-x86, r-release-linux-x86_64, r-release-macos-arm64, r-release-macos-x86_64, r-release-windows-ix86+x86_64

Version: 1.1.3
Check: Rd cross-references
Result: NOTE
    Undeclared package ‘ggplot2’ in Rd xrefs
Flavor: r-devel-linux-x86_64-fedora-clang

Version: 1.1.3
Check: package dependencies
Result: NOTE
    Packages suggested but not available for checking: 'Cairo', 'leaflet'
    
    Package which this enhances but not available for checking: 'geojsonio'
Flavor: r-devel-windows-x86_64-gcc10-UCRT

Version: 1.1.3
Check: Rd cross-references
Result: NOTE
    Package unavailable to check Rd xrefs: 'geojsonio'
Flavor: r-devel-windows-x86_64-gcc10-UCRT

Version: 1.1.3
Check: PDF version of manual
Result: WARN
    LaTeX errors when creating PDF version.
    This typically indicates Rd problems.
Flavor: r-devel-windows-x86_64-gcc10-UCRT

Version: 1.1.3
Check: PDF version of manual without hyperrefs or index
Result: ERROR
    Re-running with no redirection of stdout/stderr.
Flavor: r-devel-windows-x86_64-gcc10-UCRT