CRAN Package Check Results for Package rerddapXtracto

Last updated on 2019-09-18 22:52:48 CEST.

Flavor Version Tinstall Tcheck Ttotal Status Flags
r-devel-linux-x86_64-debian-clang 0.4.2 3.12 78.04 81.16 OK
r-devel-linux-x86_64-debian-gcc 0.4.2 2.84 60.42 63.26 OK
r-devel-linux-x86_64-fedora-clang 0.4.2 92.80 OK
r-devel-linux-x86_64-fedora-gcc 0.4.2 93.01 OK
r-devel-windows-ix86+x86_64 0.4.2 14.00 273.00 287.00 OK
r-patched-linux-x86_64 0.4.2 3.39 75.89 79.28 OK
r-patched-solaris-x86 0.4.2 127.10 ERROR
r-release-linux-x86_64 0.4.2 2.63 75.24 77.87 OK
r-release-windows-ix86+x86_64 0.4.2 5.00 280.00 285.00 OK
r-release-osx-x86_64 0.4.2 OK
r-oldrel-windows-ix86+x86_64 0.4.0 5.00 288.00 293.00 WARN
r-oldrel-osx-x86_64 0.4.2 ERROR

Check Details

Version: 0.4.2
Check: examples
Result: ERROR
    Running examples in ‘rerddapXtracto-Ex.R’ failed
    The error most likely occurred in:
    
    > ### Name: rxtracto
    > ### Title: Extract environmental data along a trajectory from an 'ERDDAP'
    > ### server using 'rerddap'.
    > ### Aliases: rxtracto
    >
    > ### ** Examples
    >
    > # toy example to show use
    > # but keep execution time down
    > parameter <- 'sst'
    > xcoord <- c(-130.5)
    > ycoord <- c(40.5)
    > tcoord <- c('2006-01-16')
    > xlen <- 0.01
    > ylen <- 0.01
    > extract <- rxtracto(dataInfo, parameter = parameter, xcoord = xcoord,
    + ycoord = ycoord, tcoord= tcoord,
    + xlen = xlen, ylen = ylen)
    Error in curl::curl_fetch_memory(url, handle = handle) :
     Timeout was reached: Operation timed out after 10000 milliseconds with 0 out of 0 bytes received
    Calls: rxtracto ... request_fetch -> request_fetch.write_memory -> <Anonymous>
    Execution halted
Flavor: r-patched-solaris-x86

Version: 0.4.0
Check: re-building of vignette outputs
Result: WARN
    Error in re-building vignettes:
     ...
    grid object contains more than 10000 pixels
    increase `maxpixels` for a finer resolution
    Quitting from lines 523-533 (UsingrerddapXtracto.Rmd)
    Error: processing vignette 'UsingrerddapXtracto.Rmd' failed with diagnostics:
    stopping download
    Execution halted
Flavor: r-oldrel-windows-ix86+x86_64

Version: 0.4.2
Check: whether package can be installed
Result: ERROR
    Installation failed.
Flavor: r-oldrel-osx-x86_64