CRAN Package Check Results for Package rerddapXtracto

Last updated on 2020-02-24 22:50:35 CET.

Flavor Version Tinstall Tcheck Ttotal Status Flags
r-devel-linux-x86_64-debian-clang 0.4.7 4.20 81.66 85.86 OK
r-devel-linux-x86_64-debian-gcc 0.4.7 3.17 60.11 63.28 OK
r-devel-linux-x86_64-fedora-clang 0.4.7 92.70 OK
r-devel-linux-x86_64-fedora-gcc 0.4.7 92.22 OK
r-devel-windows-ix86+x86_64 0.4.6 10.00 174.00 184.00 OK
r-devel-windows-ix86+x86_64-gcc8 0.4.7 27.00 222.00 249.00 OK
r-patched-linux-x86_64 0.4.7 3.10 73.52 76.62 OK
r-patched-solaris-x86 0.4.7 121.50 OK
r-release-linux-x86_64 0.4.7 3.59 72.98 76.57 OK
r-release-windows-ix86+x86_64 0.4.7 6.00 177.00 183.00 OK
r-release-osx-x86_64 0.4.7 OK
r-oldrel-windows-ix86+x86_64 0.4.0 5.00 288.00 293.00 WARN
r-oldrel-osx-x86_64 0.4.7 ERROR

Check Details

Version: 0.4.0
Check: re-building of vignette outputs
Result: WARN
    Error in re-building vignettes:
     ...
    grid object contains more than 10000 pixels
    increase `maxpixels` for a finer resolution
    Quitting from lines 523-533 (UsingrerddapXtracto.Rmd)
    Error: processing vignette 'UsingrerddapXtracto.Rmd' failed with diagnostics:
    stopping download
    Execution halted
Flavor: r-oldrel-windows-ix86+x86_64

Version: 0.4.7
Check: package dependencies
Result: ERROR
    Package required and available but unsuitable version: ‘plotdap’
    
    See section ‘The DESCRIPTION file’ in the ‘Writing R Extensions’
    manual.
Flavor: r-oldrel-osx-x86_64