Last updated on 2022-07-06 21:53:49 CEST.
Flavor | Version | Tinstall | Tcheck | Ttotal | Status | Flags |
---|---|---|---|---|---|---|
r-devel-linux-x86_64-debian-clang | 0.6.3 | 30.12 | 139.30 | 169.42 | NOTE | |
r-devel-linux-x86_64-debian-gcc | 0.6.3 | 22.84 | 100.92 | 123.76 | NOTE | |
r-devel-linux-x86_64-fedora-clang | 0.6.3 | 212.68 | NOTE | |||
r-devel-linux-x86_64-fedora-gcc | 0.6.3 | 218.18 | NOTE | |||
r-devel-windows-x86_64 | 0.6.3 | 206.00 | 347.00 | 553.00 | OK | |
r-patched-linux-x86_64 | 0.6.3 | 28.35 | 135.74 | 164.09 | NOTE | |
r-release-linux-x86_64 | 0.6.3 | 22.48 | 134.93 | 157.41 | NOTE | |
r-release-macos-arm64 | 0.6.3 | 59.00 | NOTE | |||
r-release-macos-x86_64 | 0.6.3 | 95.00 | NOTE | |||
r-release-windows-x86_64 | 0.6.3 | 173.00 | 363.00 | 536.00 | OK | |
r-oldrel-macos-arm64 | 0.6.3 | 69.00 | NOTE | |||
r-oldrel-macos-x86_64 | 0.6.3 | 113.00 | NOTE | |||
r-oldrel-windows-ix86+x86_64 | 0.6.3 | 52.00 | 250.00 | 302.00 | OK |
Version: 0.6.3
Check: package dependencies
Result: NOTE
Packages suggested but not available for checking:
'gWidgets2RGtk2', 'cairoDevice', 'RGtk2'
Flavors: r-devel-linux-x86_64-debian-clang, r-devel-linux-x86_64-debian-gcc, r-devel-linux-x86_64-fedora-clang, r-devel-linux-x86_64-fedora-gcc, r-patched-linux-x86_64, r-release-linux-x86_64, r-release-macos-arm64, r-release-macos-x86_64, r-oldrel-macos-arm64
Version: 0.6.3
Check: dependencies in R code
Result: NOTE
Namespace in Imports field not imported from: ‘RTriangle’
All declared Imports should be used.
Flavors: r-devel-linux-x86_64-fedora-clang, r-devel-linux-x86_64-fedora-gcc, r-release-macos-arm64, r-release-macos-x86_64, r-oldrel-macos-arm64, r-oldrel-macos-x86_64