CRAN Package Check Results for Package revtools

Last updated on 2021-05-05 22:51:47 CEST.

Flavor Version Tinstall Tcheck Ttotal Status Flags
r-devel-linux-x86_64-debian-clang 0.4.1 12.54 93.23 105.77 NOTE
r-devel-linux-x86_64-debian-gcc 0.4.1 9.55 68.87 78.42 NOTE
r-devel-linux-x86_64-fedora-clang 0.4.1 133.01 NOTE
r-devel-linux-x86_64-fedora-gcc 0.4.1 122.81 NOTE
r-devel-windows-ix86+x86_64 0.4.1 28.00 5.00 33.00 ERROR
r-devel-windows-x86_64-gcc10-UCRT 0.4.1 NOTE
r-patched-linux-x86_64 0.4.1 11.19 87.58 98.77 NOTE
r-patched-solaris-x86 0.4.1 171.20 OK
r-release-linux-x86_64 0.4.1 12.56 85.56 98.12 OK
r-release-macos-x86_64 0.4.1 OK
r-release-windows-ix86+x86_64 0.4.1 19.00 93.00 112.00 OK
r-oldrel-macos-x86_64 0.4.1 OK
r-oldrel-windows-ix86+x86_64 0.4.1 22.00 101.00 123.00 OK

Check Details

Version: 0.4.1
Check: LazyData
Result: NOTE
     'LazyData' is specified without a 'data' directory
Flavors: r-devel-linux-x86_64-debian-clang, r-devel-linux-x86_64-debian-gcc, r-devel-linux-x86_64-fedora-clang, r-devel-linux-x86_64-fedora-gcc, r-devel-windows-x86_64-gcc10-UCRT, r-patched-linux-x86_64

Version: 0.4.1
Check: whether package can be installed
Result: ERROR
    Installation failed.
Flavor: r-devel-windows-ix86+x86_64