CRAN Package Check Results for Package rex

Last updated on 2019-09-22 22:46:56 CEST.

Flavor Version Tinstall Tcheck Ttotal Status Flags
r-devel-linux-x86_64-debian-clang 1.1.2 2.55 26.41 28.96 OK
r-devel-linux-x86_64-debian-gcc 1.1.2 1.43 21.20 22.63 OK
r-devel-linux-x86_64-fedora-clang 1.1.2 35.97 OK
r-devel-linux-x86_64-fedora-gcc 1.1.2 35.51 OK
r-devel-windows-ix86+x86_64 1.1.2 12.00 62.00 74.00 OK
r-patched-linux-x86_64 1.1.2 2.12 26.44 28.56 OK
r-patched-solaris-x86 1.1.2 52.50 OK
r-release-linux-x86_64 1.1.2 2.08 26.57 28.65 OK
r-release-windows-ix86+x86_64 1.1.2 12.00 58.00 70.00 OK
r-release-osx-x86_64 1.1.2 WARN
r-oldrel-windows-ix86+x86_64 1.1.2 4.00 39.00 43.00 OK
r-oldrel-osx-x86_64 1.1.2 OK

Check Details

Version: 1.1.2
Check: re-building of vignette outputs
Result: WARN
    Error(s) in re-building vignettes:
     ...
    --- re-building ‘log_parsing.Rmd’ using rmarkdown
    Warning in engine$weave(file, quiet = quiet, encoding = enc) :
     Pandoc (>= 1.12.3) and/or pandoc-citeproc not available. Falling back to R Markdown v1.
    Read 1000 items
    `stat_bin()` using `bins = 30`. Pick better value with `binwidth`.
    --- finished re-building ‘log_parsing.Rmd’
    
    --- re-building ‘url_parsing.Rmd’ using rmarkdown
    Warning in engine$weave(file, quiet = quiet, encoding = enc) :
     Pandoc (>= 1.12.3) and/or pandoc-citeproc not available. Falling back to R Markdown v1.
    Error: processing vignette 'url_parsing.Rmd' failed with diagnostics:
    there is no package called 'stringi'
    --- failed re-building ‘url_parsing.Rmd’
    
    SUMMARY: processing the following file failed:
     ‘url_parsing.Rmd’
    
    Error: Vignette re-building failed.
    Execution halted
Flavor: r-release-osx-x86_64