CRAN Package Check Results for Package rex

Last updated on 2021-06-11 22:54:21 CEST.

Flavor Version Tinstall Tcheck Ttotal Status Flags
r-devel-linux-x86_64-debian-clang 1.2.0 2.60 34.54 37.14 OK
r-devel-linux-x86_64-debian-gcc 1.2.0 1.99 26.89 28.88 OK
r-devel-linux-x86_64-fedora-clang 1.2.0 52.86 OK
r-devel-linux-x86_64-fedora-gcc 1.2.0 43.55 OK
r-devel-windows-x86_64 1.2.0 5.00 56.00 61.00 OK
r-devel-windows-x86_64-gcc10-UCRT 1.2.0 OK
r-patched-linux-x86_64 1.2.0 2.68 33.79 36.47 OK
r-patched-solaris-x86 1.2.0 65.10 OK
r-release-linux-x86_64 1.2.0 2.49 33.70 36.19 OK
r-release-macos-arm64 1.2.0 OK
r-release-macos-x86_64 1.2.0 OK
r-release-windows-ix86+x86_64 1.2.0 6.00 50.00 56.00 OK
r-oldrel-macos-x86_64 1.2.0 WARN
r-oldrel-windows-ix86+x86_64 1.2.0 5.00 53.00 58.00 OK

Check Details

Version: 1.2.0
Check: re-building of vignette outputs
Result: WARN
    Error(s) in re-building vignettes:
     ...
    --- re-building ‘log_parsing.Rmd’ using rmarkdown
    Warning in engine$weave(file, quiet = quiet, encoding = enc) :
     Pandoc (>= 1.12.3) and/or pandoc-citeproc not available. Falling back to R Markdown v1.
    Error: processing vignette 'log_parsing.Rmd' failed with diagnostics:
    there is no package called 'stringi'
    --- failed re-building ‘log_parsing.Rmd’
    
    --- re-building ‘url_parsing.Rmd’ using rmarkdown
    Warning in engine$weave(file, quiet = quiet, encoding = enc) :
     Pandoc (>= 1.12.3) and/or pandoc-citeproc not available. Falling back to R Markdown v1.
    Error: processing vignette 'url_parsing.Rmd' failed with diagnostics:
    there is no package called 'stringi'
    --- failed re-building ‘url_parsing.Rmd’
    
    SUMMARY: processing the following files failed:
     ‘log_parsing.Rmd’ ‘url_parsing.Rmd’
    
    Error: Vignette re-building failed.
    Execution halted
Flavor: r-oldrel-macos-x86_64