CRAN Package Check Results for Package rfVarImpOOB

Last updated on 2022-09-30 22:53:44 CEST.

Flavor Version Tinstall Tcheck Ttotal Status Flags
r-devel-linux-x86_64-debian-clang 1.0.3 14.15 156.92 171.07 OK
r-devel-linux-x86_64-debian-gcc 1.0.3 11.11 115.60 126.71 OK
r-devel-linux-x86_64-fedora-clang 1.0.3 215.70 NOTE
r-devel-linux-x86_64-fedora-gcc 1.0.3 202.43 NOTE
r-devel-windows-x86_64 1.0.3 26.00 180.00 206.00 OK
r-patched-linux-x86_64 1.0.3 12.85 150.04 162.89 OK
r-release-linux-x86_64 1.0.3 11.95 143.19 155.14 OK
r-release-macos-arm64 1.0.3 48.00 NOTE
r-release-macos-x86_64 1.0.3 77.00 NOTE
r-release-windows-x86_64 1.0.3 36.00 183.00 219.00 OK
r-oldrel-macos-arm64 1.0.3 50.00 NOTE
r-oldrel-macos-x86_64 1.0.3 72.00 NOTE
r-oldrel-windows-ix86+x86_64 1.0.3 30.00 173.00 203.00 OK

Check Details

Version: 1.0.3
Check: dependencies in R code
Result: NOTE
    Namespace in Imports field not imported from: ‘titanic’
     All declared Imports should be used.
Flavors: r-devel-linux-x86_64-fedora-clang, r-devel-linux-x86_64-fedora-gcc, r-release-macos-arm64, r-release-macos-x86_64, r-oldrel-macos-arm64, r-oldrel-macos-x86_64