Last updated on 2024-03-28 23:01:56 CET.
Flavor | Version | Tinstall | Tcheck | Ttotal | Status | Flags |
---|---|---|---|---|---|---|
r-devel-linux-x86_64-debian-clang | 0.3.8 | 7.26 | 74.34 | 81.60 | NOTE | |
r-devel-linux-x86_64-debian-gcc | 0.3.8 | 5.83 | 55.10 | 60.93 | NOTE | |
r-devel-linux-x86_64-fedora-clang | 0.3.8 | 108.74 | NOTE | |||
r-devel-linux-x86_64-fedora-gcc | 0.3.8 | 117.27 | NOTE | |||
r-devel-windows-x86_64 | 0.3.8 | 8.00 | 76.00 | 84.00 | NOTE | |
r-patched-linux-x86_64 | 0.3.8 | 7.48 | 69.14 | 76.62 | NOTE | |
r-release-linux-x86_64 | 0.3.8 | 7.56 | 69.80 | 77.36 | OK | |
r-release-macos-arm64 | 0.3.8 | 36.00 | OK | |||
r-release-macos-x86_64 | 0.3.8 | 53.00 | OK | |||
r-release-windows-x86_64 | 0.3.8 | 9.00 | 86.00 | 95.00 | OK | |
r-oldrel-macos-arm64 | 0.3.8 | 28.00 | OK | |||
r-oldrel-windows-x86_64 | 0.3.8 | 11.00 | 91.00 | 102.00 | OK |
Version: 0.3.8
Check: Rd files
Result: NOTE
checkRd: (-1) fs_search.Rd:76: Lost braces
76 | \\code{\link{fs_auth}} \code{\link{fs_browse}}
| ^
Flavors: r-devel-linux-x86_64-debian-clang, r-devel-linux-x86_64-debian-gcc, r-devel-linux-x86_64-fedora-clang, r-devel-linux-x86_64-fedora-gcc, r-devel-windows-x86_64, r-patched-linux-x86_64