CRAN Package Check Results for Package rfordummies

Last updated on 2021-10-16 22:53:04 CEST.

Flavor Version Tinstall Tcheck Ttotal Status Flags
r-devel-linux-x86_64-debian-clang 0.1.5 3.12 120.42 123.54 OK
r-devel-linux-x86_64-debian-gcc 0.1.5 3.07 92.38 95.45 OK
r-devel-linux-x86_64-fedora-clang 0.1.5 157.01 OK
r-devel-linux-x86_64-fedora-gcc 0.1.5 142.33 OK
r-devel-windows-x86_64 0.1.5 7.00 176.00 183.00 OK
r-devel-windows-x86_64-gcc10-UCRT 0.1.5 OK
r-patched-linux-x86_64 0.1.5 4.29 48.43 52.72 OK
r-patched-solaris-x86 0.1.5 94.80 NOTE
r-release-linux-x86_64 0.1.5 3.25 47.72 50.97 OK
r-release-macos-arm64 0.1.5 OK
r-release-macos-x86_64 0.1.5 OK
r-release-windows-ix86+x86_64 0.1.5 6.00 76.00 82.00 OK
r-oldrel-macos-x86_64 0.1.5 OK
r-oldrel-windows-ix86+x86_64 0.1.5 9.00 81.00 90.00 OK

Check Details

Version: 0.1.5
Check: package dependencies
Result: NOTE
    Package suggested but not available for checking: ‘XLConnect’
Flavor: r-patched-solaris-x86