CRAN Package Check Results for Package rgbif

Last updated on 2021-08-05 22:55:06 CEST.

Flavor Version Tinstall Tcheck Ttotal Status Flags
r-devel-linux-x86_64-debian-clang 3.6.0 12.57 159.06 171.63 OK
r-devel-linux-x86_64-debian-gcc 3.6.0 11.09 116.87 127.96 OK
r-devel-linux-x86_64-fedora-clang 3.6.0 210.13 OK
r-devel-linux-x86_64-fedora-gcc 3.6.0 201.85 OK
r-devel-windows-x86_64 3.6.0 21.00 190.00 211.00 OK
r-devel-windows-x86_64-gcc10-UCRT 3.6.0 ERROR
r-patched-linux-x86_64 3.6.0 15.22 152.16 167.38 OK
r-patched-solaris-x86 3.6.0 260.20 OK
r-release-linux-x86_64 3.6.0 12.20 151.28 163.48 OK
r-release-macos-arm64 3.6.0 OK
r-release-macos-x86_64 3.6.0 OK
r-release-windows-ix86+x86_64 3.6.0 28.00 135.00 163.00 OK
r-oldrel-macos-x86_64 3.6.0 OK
r-oldrel-windows-ix86+x86_64 3.6.0 35.00 188.00 223.00 OK

Check Details

Version: 3.6.0
Check: package dependencies
Result: ERROR
    Packages required but not available: 'ggplot2', 'oai', 'tibble'
    
    Packages suggested but not available for checking: 'testthat', 'sf'
    
    See section 'The DESCRIPTION file' in the 'Writing R Extensions'
    manual.
Flavor: r-devel-windows-x86_64-gcc10-UCRT