CRAN Package Check Results for Package rgee

Last updated on 2021-08-05 22:55:06 CEST.

Flavor Version Tinstall Tcheck Ttotal Status Flags
r-devel-linux-x86_64-debian-clang 1.0.9 20.56 115.48 136.04 OK
r-devel-linux-x86_64-debian-gcc 1.0.9 16.86 86.73 103.59 OK
r-devel-linux-x86_64-fedora-clang 1.0.9 174.43 NOTE
r-devel-linux-x86_64-fedora-gcc 1.0.9 163.80 NOTE
r-devel-windows-x86_64 1.0.9 28.00 151.00 179.00 OK
r-devel-windows-x86_64-gcc10-UCRT 1.0.9 ERROR
r-patched-linux-x86_64 1.0.9 19.90 110.01 129.91 OK
r-patched-solaris-x86 1.0.9 221.90 NOTE
r-release-linux-x86_64 1.0.9 17.31 111.79 129.10 OK
r-release-macos-arm64 1.0.9 NOTE
r-release-macos-x86_64 1.0.9 NOTE
r-release-windows-ix86+x86_64 1.0.9 33.00 152.00 185.00 OK
r-oldrel-macos-x86_64 1.0.9 NOTE
r-oldrel-windows-ix86+x86_64 1.0.9 36.00 147.00 183.00 OK

Check Details

Version: 1.0.9
Check: installed package size
Result: NOTE
     installed size is 5.0Mb
     sub-directories of 1Mb or more:
     doc 3.6Mb
Flavors: r-devel-linux-x86_64-fedora-clang, r-patched-solaris-x86

Version: 1.0.9
Check: dependencies in R code
Result: NOTE
    Namespace in Imports field not imported from: ‘R6’
     All declared Imports should be used.
Flavors: r-devel-linux-x86_64-fedora-clang, r-devel-linux-x86_64-fedora-gcc, r-patched-solaris-x86, r-release-macos-arm64, r-release-macos-x86_64, r-oldrel-macos-x86_64

Version: 1.0.9
Check: package dependencies
Result: ERROR
    Packages required but not available: 'leaflet', 'leafem', 'cli'
    
    Packages suggested but not available for checking:
     'leaflet.extras2', 'geojsonio', 'sf', 'stars', 'googledrive',
     'googleCloudStorageR', 'testthat'
    
    See section 'The DESCRIPTION file' in the 'Writing R Extensions'
    manual.
Flavor: r-devel-windows-x86_64-gcc10-UCRT