CRAN Package Check Results for Package rgenoud

Last updated on 2021-05-14 23:50:58 CEST.

Flavor Version Tinstall Tcheck Ttotal Status Flags
r-devel-linux-x86_64-debian-clang 5.8-3.0 12.94 55.53 68.47 NOTE
r-devel-linux-x86_64-debian-gcc 5.8-3.0 8.24 51.77 60.01 NOTE
r-devel-linux-x86_64-fedora-clang 5.8-3.0 99.60 NOTE
r-devel-linux-x86_64-fedora-gcc 5.8-3.0 85.43 NOTE
r-devel-windows-ix86+x86_64 5.8-3.0 31.00 93.00 124.00 NOTE
r-devel-windows-x86_64-gcc10-UCRT 5.8-3.0 NOTE
r-patched-linux-x86_64 5.8-3.0 10.14 69.30 79.44 NOTE
r-patched-solaris-x86 5.8-3.0 113.10 NOTE
r-release-linux-x86_64 5.8-3.0 8.72 58.78 67.50 NOTE
r-release-macos-x86_64 5.8-3.0 NOTE
r-release-windows-ix86+x86_64 5.8-3.0 28.00 115.00 143.00 NOTE
r-oldrel-macos-x86_64 5.8-3.0 NOTE
r-oldrel-windows-ix86+x86_64 5.8-3.0 29.00 121.00 150.00 NOTE

Additional issues

clang-UBSAN gcc-UBSAN

Check Details

Version: 5.8-3.0
Check: R code for possible problems
Result: NOTE
    genoud: multiple local function definitions for 'fn1.bfgs' with
     different formal arguments
    genoud: multiple local function definitions for 'gr1' with different
     formal arguments
    genoud: multiple local function definitions for 'hess.fn' with
     different formal arguments
    genoud_transform: multiple local function definitions for 'fn1.bfgs'
     with different formal arguments
    genoud_transform: multiple local function definitions for 'gr1' with
     different formal arguments
Flavors: r-devel-linux-x86_64-debian-clang, r-devel-linux-x86_64-debian-gcc, r-devel-linux-x86_64-fedora-clang, r-devel-linux-x86_64-fedora-gcc, r-devel-windows-ix86+x86_64, r-devel-windows-x86_64-gcc10-UCRT, r-patched-linux-x86_64, r-patched-solaris-x86, r-release-linux-x86_64, r-release-macos-x86_64, r-release-windows-ix86+x86_64, r-oldrel-macos-x86_64, r-oldrel-windows-ix86+x86_64

Version: 5.8-3.0
Check: Rd cross-references
Result: NOTE
    Undeclared package ‘Matching’ in Rd xrefs
Flavor: r-devel-linux-x86_64-fedora-clang