CRAN Package Check Results for Package rgeoda

Last updated on 2024-04-19 22:56:00 CEST.

Flavor Version Tinstall Tcheck Ttotal Status Flags
r-devel-linux-x86_64-debian-clang 0.0.10-4 336.05 50.84 386.89 NOTE
r-devel-linux-x86_64-debian-gcc 0.0.10-4 NOTE
r-devel-linux-x86_64-fedora-clang 0.0.10-4 602.62 NOTE
r-devel-linux-x86_64-fedora-gcc 0.0.10-4 600.94 NOTE
r-prerel-macos-arm64 0.0.10-4 109.00 NOTE
r-prerel-windows-x86_64 0.0.10-4 306.00 114.00 420.00 NOTE
r-patched-linux-x86_64 0.0.10-4 344.26 57.47 401.73 NOTE
r-release-linux-x86_64 0.0.10-4 341.29 57.65 398.94 OK
r-release-macos-arm64 0.0.10-4 102.00 NOTE
r-release-macos-x86_64 0.0.10-4 109.00 NOTE
r-release-windows-x86_64 0.0.10-4 355.00 127.00 482.00 OK
r-oldrel-macos-arm64 0.0.10-4 102.00 NOTE
r-oldrel-windows-x86_64 0.0.10-4 347.00 103.00 450.00 OK

Check Details

Version: 0.0.10-4
Check: Rd files
Result: NOTE checkRd: (-1) azp_greedy.Rd:36: Lost braces; missing escapes or markup? 36 | \item{scale_method}{(optional) One of the scaling methods {'raw', 'standardize', 'demean', 'mad', 'range_standardize', 'range_adjust'} to apply on input data. Default is 'standardize' (Z-score normalization).} | ^ checkRd: (-1) azp_sa.Rd:42: Lost braces; missing escapes or markup? 42 | \item{scale_method}{(optional) One of the scaling methods {'raw', 'standardize', 'demean', 'mad', 'range_standardize', 'range_adjust'} to apply on input data. Default is 'standardize' (Z-score normalization).} | ^ checkRd: (-1) azp_tabu.Rd:42: Lost braces; missing escapes or markup? 42 | \item{scale_method}{(optional) One of the scaling methods {'raw', 'standardize', 'demean', 'mad', 'range_standardize', 'range_adjust'} to apply on input data. Default is 'standardize' (Z-score normalization).} | ^ checkRd: (-1) local_bijoincount.Rd:27: Lost braces; missing escapes or markup? 27 | LISA computation. Options are {'complete', 'lookup'}. Default is 'complete'.} | ^ checkRd: (-1) local_bimoran.Rd:26: Lost braces; missing escapes or markup? 26 | LISA computation. Options are {'complete', 'lookup'}. Default is 'complete'.} | ^ checkRd: (-1) local_g.Rd:26: Lost braces; missing escapes or markup? 26 | LISA computation. Options are {'complete', 'lookup'}. Default is 'complete'.} | ^ checkRd: (-1) local_geary.Rd:26: Lost braces; missing escapes or markup? 26 | LISA computation. Options are {'complete', 'lookup'}. Default is 'complete'.} | ^ checkRd: (-1) local_gstar.Rd:26: Lost braces; missing escapes or markup? 26 | LISA computation. Options are {'complete', 'lookup'}. Default is 'complete'.} | ^ checkRd: (-1) local_joincount.Rd:26: Lost braces; missing escapes or markup? 26 | LISA computation. Options are {'complete', 'lookup'}. Default is 'complete'.} | ^ checkRd: (-1) local_moran.Rd:26: Lost braces; missing escapes or markup? 26 | LISA computation. Options are {'complete', 'lookup'}. Default is 'complete'.} | ^ checkRd: (-1) local_moran_eb.Rd:27: Lost braces; missing escapes or markup? 27 | computation. Options are {'complete', 'lookup'}. Default is 'complete'.} | ^ checkRd: (-1) local_multigeary.Rd:26: Lost braces; missing escapes or markup? 26 | LISA computation. Options are {'complete', 'lookup'}. Default is 'complete'.} | ^ checkRd: (-1) local_multijoincount.Rd:27: Lost braces; missing escapes or markup? 27 | LISA computation. Options are {'complete', 'lookup'}. Default is 'complete'.} | ^ checkRd: (-1) local_multiquantilelisa.Rd:35: Lost braces; missing escapes or markup? 35 | computation. Options are {'complete', 'lookup'}. Default is 'complete'.} | ^ checkRd: (-1) local_quantilelisa.Rd:33: Lost braces; missing escapes or markup? 33 | computation. Options are {'complete', 'lookup'}. Default is 'complete'.} | ^ checkRd: (-1) maxp_greedy.Rd:34: Lost braces; missing escapes or markup? 34 | \item{scale_method}{(optional) One of the scaling methods {'raw', 'standardize', 'demean', 'mad', 'range_standardize', 'range_adjust'} to apply on input data. Default is 'standardize' (Z-score normalization).} | ^ checkRd: (-1) maxp_sa.Rd:40: Lost braces; missing escapes or markup? 40 | \item{scale_method}{(optional) One of the scaling methods {'raw', 'standardize', 'demean', 'mad', 'range_standardize', 'range_adjust'} to apply on input data. Default is 'standardize' (Z-score normalization).} | ^ checkRd: (-1) maxp_tabu.Rd:40: Lost braces; missing escapes or markup? 40 | \item{scale_method}{(optional) One of the scaling methods {'raw', 'standardize', 'demean', 'mad', 'range_standardize', 'range_adjust'} to apply on input data. Default is 'standardize' (Z-score normalization).} | ^ checkRd: (-1) neighbor_match_test.Rd:24-25: Lost braces 24 | \item{scale_method}{(optional) One of the scaling methods {'raw', | ^ checkRd: (-1) neighbor_match_test.Rd:29: Lost braces; missing escapes or markup? 29 | measure the distance between input data. Options are {'euclidean', 'manhattan'}. Default is 'euclidean'.} | ^ checkRd: (-1) redcap.Rd:34: Lost braces; missing escapes or markup? 34 | \item{scale_method}{(optional) One of the scaling methods {'raw', 'standardize', 'demean', 'mad', 'range_standardize', 'range_adjust'} to apply on input data. Default is 'standardize' (Z-score normalization).} | ^ checkRd: (-1) schc.Rd:32: Lost braces; missing escapes or markup? 32 | \item{scale_method}{One of the scaling methods {'raw', 'standardize', 'demean', 'mad', 'range_standardize', 'range_adjust'} to apply on input data. Default is 'standardize' (Z-score normalization).} | ^ checkRd: (-1) skater.Rd:33-34: Lost braces 33 | \item{scale_method}{One of the scaling methods {'raw', 'standardize', | ^ Flavors: r-devel-linux-x86_64-debian-clang, r-devel-linux-x86_64-debian-gcc, r-devel-linux-x86_64-fedora-clang, r-devel-linux-x86_64-fedora-gcc, r-prerel-macos-arm64, r-prerel-windows-x86_64, r-patched-linux-x86_64

Version: 0.0.10-4
Check: installed package size
Result: NOTE installed size is 28.3Mb sub-directories of 1Mb or more: libs 27.1Mb Flavors: r-prerel-macos-arm64, r-release-macos-arm64, r-release-macos-x86_64, r-oldrel-macos-arm64