CRAN Package Check Results for Package rgeoprofile

Last updated on 2022-07-05 22:50:32 CEST.

Flavor Version Tinstall Tcheck Ttotal Status Flags
r-devel-linux-x86_64-debian-clang 0.2.2 10.20 104.96 115.16 OK
r-devel-linux-x86_64-debian-gcc 0.2.2 7.68 79.28 86.96 OK
r-devel-linux-x86_64-fedora-clang 0.2.2 142.87 NOTE
r-devel-linux-x86_64-fedora-gcc 0.2.2 144.13 NOTE
r-devel-windows-x86_64 0.2.2 23.00 143.00 166.00 OK
r-patched-linux-x86_64 0.2.2 6.61 100.16 106.77 OK
r-release-linux-x86_64 0.2.2 6.66 99.75 106.41 OK
r-release-macos-arm64 0.2.2 39.00 NOTE
r-release-macos-x86_64 0.2.2 72.00 NOTE
r-release-windows-x86_64 0.2.2 20.00 138.00 158.00 OK
r-oldrel-macos-arm64 0.2.2 100.00 NOTE
r-oldrel-macos-x86_64 0.2.2 65.00 NOTE
r-oldrel-windows-ix86+x86_64 0.2.2 22.00 126.00 148.00 OK

Check Details

Version: 0.2.2
Check: dependencies in R code
Result: NOTE
    Namespaces in Imports field not imported from:
     ‘leaflet’ ‘pals’ ‘raster’ ‘sp’
     All declared Imports should be used.
Flavors: r-devel-linux-x86_64-fedora-clang, r-devel-linux-x86_64-fedora-gcc, r-release-macos-arm64, r-release-macos-x86_64, r-oldrel-macos-arm64, r-oldrel-macos-x86_64