CRAN Package Check Results for Package rgovcan

Last updated on 2021-11-30 22:54:42 CET.

Flavor Version Tinstall Tcheck Ttotal Status Flags
r-devel-linux-x86_64-debian-clang 1.0.3 5.44 56.30 61.74 OK
r-devel-linux-x86_64-debian-gcc 1.0.3 4.79 46.00 50.79 OK
r-devel-linux-x86_64-fedora-clang 1.0.3 85.22 NOTE
r-devel-linux-x86_64-fedora-gcc 1.0.3 72.15 NOTE
r-devel-windows-x86_64-new-UL 1.0.3 13.00 100.00 113.00 OK
r-devel-windows-x86_64-new-TK 1.0.3 NOTE
r-devel-windows-x86_64-old 1.0.3 10.00 73.00 83.00 OK
r-patched-linux-x86_64 1.0.3 10.36 54.42 64.78 OK
r-patched-solaris-x86 1.0.3 106.60 NOTE
r-release-linux-x86_64 1.0.3 5.72 53.53 59.25 OK
r-release-macos-arm64 1.0.3 NOTE
r-release-macos-x86_64 1.0.3 NOTE
r-release-windows-ix86+x86_64 1.0.3 17.00 85.00 102.00 OK
r-oldrel-macos-x86_64 1.0.3 NOTE
r-oldrel-windows-ix86+x86_64 1.0.3 12.00 67.00 79.00 OK

Check Details

Version: 1.0.3
Check: dependencies in R code
Result: NOTE
    Namespace in Imports field not imported from: ‘crul’
     All declared Imports should be used.
Flavors: r-devel-linux-x86_64-fedora-clang, r-devel-linux-x86_64-fedora-gcc, r-devel-windows-x86_64-new-TK, r-patched-solaris-x86, r-release-macos-arm64, r-release-macos-x86_64, r-oldrel-macos-x86_64