Last updated on 2024-04-19 22:56:00 CEST.
Flavor | Version | Tinstall | Tcheck | Ttotal | Status | Flags |
---|---|---|---|---|---|---|
r-devel-linux-x86_64-debian-clang | 0.2.0 | 5.99 | 41.62 | 47.61 | NOTE | |
r-devel-linux-x86_64-debian-gcc | 0.2.0 | NOTE | ||||
r-devel-linux-x86_64-fedora-clang | 0.2.0 | 57.91 | NOTE | |||
r-devel-linux-x86_64-fedora-gcc | 0.2.0 | 54.91 | NOTE | |||
r-prerel-macos-arm64 | 0.2.0 | 21.00 | NOTE | |||
r-prerel-windows-x86_64 | 0.2.0 | 5.00 | 51.00 | 56.00 | NOTE | |
r-patched-linux-x86_64 | 0.2.0 | 4.16 | 39.02 | 43.18 | NOTE | |
r-release-linux-x86_64 | 0.2.0 | 4.24 | 40.29 | 44.53 | NOTE | |
r-release-macos-arm64 | 0.2.0 | 20.00 | NOTE | |||
r-release-macos-x86_64 | 0.2.0 | 31.00 | NOTE | |||
r-release-windows-x86_64 | 0.2.0 | 6.00 | 53.00 | 59.00 | NOTE | |
r-oldrel-macos-arm64 | 0.2.0 | 19.00 | NOTE | |||
r-oldrel-windows-x86_64 | 0.2.0 | 7.00 | 59.00 | 66.00 | NOTE |
Version: 0.2.0
Check: LazyData
Result: NOTE
'LazyData' is specified without a 'data' directory
Flavors: r-devel-linux-x86_64-debian-clang, r-devel-linux-x86_64-debian-gcc, r-devel-linux-x86_64-fedora-clang, r-devel-linux-x86_64-fedora-gcc, r-prerel-macos-arm64, r-prerel-windows-x86_64, r-patched-linux-x86_64, r-release-linux-x86_64, r-release-macos-arm64, r-release-macos-x86_64, r-release-windows-x86_64, r-oldrel-macos-arm64, r-oldrel-windows-x86_64