Last updated on 2024-04-18 22:52:56 CEST.
Flavor | Version | Tinstall | Tcheck | Ttotal | Status | Flags |
---|---|---|---|---|---|---|
r-devel-linux-x86_64-debian-clang | 0.4.0 | 3.29 | 50.83 | 54.12 | OK | |
r-devel-linux-x86_64-debian-gcc | 0.4.0 | 2.88 | 38.23 | 41.11 | OK | |
r-devel-linux-x86_64-fedora-clang | 0.4.0 | 67.52 | NOTE | |||
r-devel-linux-x86_64-fedora-gcc | 0.4.0 | 77.23 | NOTE | |||
r-prerel-macos-arm64 | 0.4.0 | 32.00 | OK | |||
r-prerel-windows-x86_64 | 0.4.0 | 6.00 | 65.00 | 71.00 | OK | |
r-patched-linux-x86_64 | 0.4.0 | 4.39 | 48.60 | 52.99 | OK | |
r-release-linux-x86_64 | 0.4.0 | 3.15 | 46.12 | 49.27 | OK | |
r-release-macos-arm64 | 0.4.0 | 33.00 | OK | |||
r-release-macos-x86_64 | 0.4.0 | 49.00 | OK | |||
r-release-windows-x86_64 | 0.4.0 | 5.00 | 69.00 | 74.00 | OK | |
r-oldrel-macos-arm64 | 0.4.0 | 26.00 | OK | |||
r-oldrel-windows-x86_64 | 0.4.0 | 5.00 | 66.00 | 71.00 | OK |
Version: 0.4.0
Check: data for non-ASCII characters
Result: NOTE
Note: found 1473 marked UTF-8 strings
Flavors: r-devel-linux-x86_64-fedora-clang, r-devel-linux-x86_64-fedora-gcc