CRAN Package Check Results for Package rgugik

Last updated on 2021-11-26 23:03:37 CET.

Flavor Version Tinstall Tcheck Ttotal Status Flags
r-devel-linux-x86_64-debian-clang 0.3.1 3.38 31.57 34.95 OK
r-devel-linux-x86_64-debian-gcc 0.3.1 2.46 25.38 27.84 OK
r-devel-linux-x86_64-fedora-clang 0.3.1 54.45 NOTE
r-devel-linux-x86_64-fedora-gcc 0.3.1 43.69 NOTE
r-devel-windows-x86_64-new-UL 0.3.1 10.00 76.00 86.00 OK
r-devel-windows-x86_64-new-TK 0.3.1 NOTE
r-devel-windows-x86_64-old 0.3.1 5.00 57.00 62.00 OK
r-patched-linux-x86_64 0.3.1 4.14 31.91 36.05 OK
r-patched-solaris-x86 0.3.1 65.20 NOTE
r-release-linux-x86_64 0.3.1 OK
r-release-macos-arm64 0.3.1 NOTE
r-release-macos-x86_64 0.3.1 NOTE
r-release-windows-ix86+x86_64 0.3.1 7.00 42.00 49.00 OK
r-oldrel-macos-x86_64 0.3.1 NOTE
r-oldrel-windows-ix86+x86_64 0.3.1 5.00 58.00 63.00 OK

Check Details

Version: 0.3.1
Check: data for non-ASCII characters
Result: NOTE
     Note: found 1473 marked UTF-8 strings
Flavors: r-devel-linux-x86_64-fedora-clang, r-devel-linux-x86_64-fedora-gcc, r-devel-windows-x86_64-new-TK, r-patched-solaris-x86, r-release-macos-arm64, r-release-macos-x86_64, r-oldrel-macos-x86_64