CRAN Package Check Results for Package rich

Last updated on 2020-02-17 22:49:45 CET.

Flavor Version Tinstall Tcheck Ttotal Status Flags
r-devel-linux-x86_64-debian-clang 1.0.1 7.71 86.14 93.85 OK
r-devel-linux-x86_64-debian-gcc 1.0.1 6.69 67.68 74.37 OK
r-devel-linux-x86_64-fedora-clang 1.0.1 114.23 NOTE
r-devel-linux-x86_64-fedora-gcc 1.0.1 114.78 OK
r-devel-windows-ix86+x86_64 1.0.1 14.00 94.00 108.00 OK
r-devel-windows-ix86+x86_64-gcc8 1.0.1 23.00 89.00 112.00 OK
r-patched-linux-x86_64 1.0.1 5.26 77.23 82.49 OK
r-patched-solaris-x86 1.0.1 143.00 OK
r-release-linux-x86_64 1.0.1 6.14 79.40 85.54 OK
r-release-windows-ix86+x86_64 1.0.1 15.00 95.00 110.00 OK
r-release-osx-x86_64 1.0.1 OK
r-oldrel-windows-ix86+x86_64 1.0.1 9.00 114.00 123.00 OK
r-oldrel-osx-x86_64 1.0.1 OK

Check Details

Version: 1.0.1
Check: package dependencies
Result: NOTE
    Suggests orphaned package: ‘gplots’
Flavor: r-devel-linux-x86_64-fedora-clang