CRAN Package Check Results for Package ridge

Last updated on 2024-02-22 21:51:51 CET.

Flavor Version Tinstall Tcheck Ttotal Status Flags
r-devel-linux-x86_64-debian-clang 3.3 OK
r-devel-linux-x86_64-debian-gcc 3.3 9.69 40.80 50.49 OK
r-devel-linux-x86_64-fedora-clang 3.3 74.69 OK
r-devel-linux-x86_64-fedora-gcc 3.3 80.36 OK
r-devel-windows-x86_64 3.3 15.00 68.00 83.00 OK
r-patched-linux-x86_64 3.3 11.68 51.40 63.08 OK
r-release-linux-x86_64 3.3 10.97 51.61 62.58 OK
r-release-macos-arm64 3.3 36.00 OK
r-release-macos-x86_64 3.3 44.00 ERROR
r-release-windows-x86_64 3.3 14.00 80.00 94.00 OK
r-oldrel-macos-arm64 3.3 38.00 OK
r-oldrel-windows-x86_64 3.3 18.00 79.00 97.00 OK

Check Details

Version: 3.3
Check: examples
Result: ERROR Running examples in ‘ridge-Ex.R’ failed The error most likely occurred in: > ### Name: pvals > ### Title: Compute p-values for ridgeLinear and ridgeLogistic models > ### Aliases: pvals pvals.ridgeLinear pvals.ridgeLogistic > ### plot.pvalsRidgeLinear plot.pvalsRidgeLogistic print.pvalsRidgeLinear > ### print.pvalsRidgeLogistic > > ### ** Examples > > data(GenBin) > mod <- logisticRidge(Phenotypes ~ ., data = as.data.frame(GenBin)) Execution halted Flavor: r-release-macos-x86_64