CRAN Package Check Results for Package ridigbio

Last updated on 2021-09-23 22:56:06 CEST.

Flavor Version Tinstall Tcheck Ttotal Status Flags
r-devel-linux-x86_64-debian-clang 0.3.5 2.51 26.55 29.06 NOTE
r-devel-linux-x86_64-debian-gcc 0.3.5 1.95 21.36 23.31 NOTE
r-devel-linux-x86_64-fedora-clang 0.3.5 45.15 NOTE
r-devel-linux-x86_64-fedora-gcc 0.3.5 34.81 NOTE
r-devel-windows-x86_64 0.3.5 3.00 34.00 37.00 NOTE
r-devel-windows-x86_64-gcc10-UCRT 0.3.5 NOTE
r-patched-linux-x86_64 0.3.5 2.81 26.18 28.99 NOTE
r-patched-solaris-x86 0.3.5 52.10 NOTE
r-release-linux-x86_64 0.3.5 2.41 26.24 28.65 NOTE
r-release-macos-arm64 0.3.5 NOTE
r-release-macos-x86_64 0.3.5 NOTE
r-release-windows-ix86+x86_64 0.3.5 6.00 34.00 40.00 NOTE
r-oldrel-macos-x86_64 0.3.5 OK
r-oldrel-windows-ix86+x86_64 0.3.5 4.00 33.00 37.00 OK

Check Details

Version: 0.3.5
Check: LazyData
Result: NOTE
     'LazyData' is specified without a 'data' directory
Flavors: r-devel-linux-x86_64-debian-clang, r-devel-linux-x86_64-debian-gcc, r-devel-linux-x86_64-fedora-clang, r-devel-linux-x86_64-fedora-gcc, r-devel-windows-x86_64, r-devel-windows-x86_64-gcc10-UCRT, r-patched-linux-x86_64, r-patched-solaris-x86, r-release-linux-x86_64, r-release-macos-arm64, r-release-macos-x86_64, r-release-windows-ix86+x86_64