Last updated on 2024-04-22 23:10:02 CEST.
Flavor | Version | Tinstall | Tcheck | Ttotal | Status | Flags |
---|---|---|---|---|---|---|
r-devel-linux-x86_64-debian-clang | 0.1.1 | 55.49 | 38.65 | 94.14 | NOTE | |
r-devel-linux-x86_64-debian-gcc | 0.1.1 | 45.05 | 30.41 | 75.46 | NOTE | |
r-devel-linux-x86_64-fedora-clang | 0.1.1 | 139.76 | NOTE | |||
r-devel-linux-x86_64-fedora-gcc | 0.1.1 | 134.57 | NOTE | |||
r-prerel-macos-arm64 | 0.1.1 | 30.00 | NOTE | |||
r-prerel-windows-x86_64 | 0.1.1 | 41.00 | 67.00 | 108.00 | NOTE | |
r-patched-linux-x86_64 | 0.1.1 | 57.71 | 39.49 | 97.20 | NOTE | |
r-release-linux-x86_64 | 0.1.1 | 47.33 | 39.59 | 86.92 | NOTE | |
r-release-macos-arm64 | 0.1.1 | 36.00 | NOTE | |||
r-release-macos-x86_64 | 0.1.1 | 53.00 | NOTE | |||
r-release-windows-x86_64 | 0.1.1 | 48.00 | 77.00 | 125.00 | NOTE | |
r-oldrel-macos-arm64 | 0.1.1 | 32.00 | NOTE | |||
r-oldrel-windows-x86_64 | 0.1.1 | 50.00 | 78.00 | 128.00 | NOTE |
Version: 0.1.1
Check: C++ specification
Result: NOTE
Specified C++11: please drop specification unless essential
Flavors: r-devel-linux-x86_64-debian-clang, r-devel-linux-x86_64-debian-gcc, r-devel-linux-x86_64-fedora-clang, r-devel-linux-x86_64-fedora-gcc, r-prerel-macos-arm64, r-prerel-windows-x86_64, r-patched-linux-x86_64, r-release-linux-x86_64, r-release-macos-arm64, r-release-macos-x86_64, r-release-windows-x86_64
Version: 0.1.1
Check: LazyData
Result: NOTE
'LazyData' is specified without a 'data' directory
Flavors: r-devel-linux-x86_64-debian-clang, r-devel-linux-x86_64-debian-gcc, r-devel-linux-x86_64-fedora-clang, r-devel-linux-x86_64-fedora-gcc, r-prerel-macos-arm64, r-prerel-windows-x86_64, r-patched-linux-x86_64, r-release-linux-x86_64, r-release-macos-arm64, r-release-macos-x86_64, r-release-windows-x86_64, r-oldrel-macos-arm64, r-oldrel-windows-x86_64