CRAN Package Check Results for Package riskCommunicator

Last updated on 2021-12-03 22:57:52 CET.

Flavor Version Tinstall Tcheck Ttotal Status Flags
r-devel-linux-x86_64-debian-clang 0.1.0 6.63 437.17 443.80 OK
r-devel-linux-x86_64-debian-gcc 0.1.0 5.37 326.53 331.90 OK
r-devel-linux-x86_64-fedora-clang 0.1.0 517.03 NOTE
r-devel-linux-x86_64-fedora-gcc 0.1.0 504.03 NOTE
r-devel-windows-x86_64-new-UL 0.1.0 15.00 532.00 547.00 OK
r-devel-windows-x86_64-new-TK 0.1.0 NOTE
r-devel-windows-x86_64-old 0.1.0 12.00 451.00 463.00 OK
r-patched-linux-x86_64 0.1.0 6.40 411.75 418.15 OK
r-release-linux-x86_64 0.1.0 5.38 410.99 416.37 OK
r-release-macos-arm64 0.1.0 NOTE
r-release-macos-x86_64 0.1.0 NOTE
r-release-windows-ix86+x86_64 0.1.0 18.00 518.00 536.00 OK
r-oldrel-macos-x86_64 0.1.0 NOTE
r-oldrel-windows-ix86+x86_64 0.1.0 16.00 545.00 561.00 OK

Check Details

Version: 0.1.0
Check: dependencies in R code
Result: NOTE
    Namespace in Imports field not imported from: ‘tidyverse’
     All declared Imports should be used.
Flavors: r-devel-linux-x86_64-fedora-clang, r-devel-linux-x86_64-fedora-gcc, r-devel-windows-x86_64-new-TK, r-release-macos-arm64, r-release-macos-x86_64, r-oldrel-macos-x86_64