CRAN Package Check Results for Package riskParityPortfolio

Last updated on 2021-05-12 22:53:43 CEST.

Flavor Version Tinstall Tcheck Ttotal Status Flags
r-devel-linux-x86_64-debian-clang 0.2.1 91.08 53.39 144.47 NOTE
r-devel-linux-x86_64-debian-gcc 0.2.1 65.37 43.21 108.58 NOTE
r-devel-linux-x86_64-fedora-clang 0.2.1 223.74 NOTE
r-devel-linux-x86_64-fedora-gcc 0.2.1 188.35 NOTE
r-devel-windows-ix86+x86_64 0.2.1 211.00 80.00 291.00 NOTE
r-devel-windows-x86_64-gcc10-UCRT 0.2.1 NOTE
r-patched-linux-x86_64 0.2.1 77.29 54.60 131.89 NOTE
r-patched-solaris-x86 0.2.1 168.20 NOTE
r-release-linux-x86_64 0.2.1 87.11 53.17 140.28 OK
r-release-macos-x86_64 0.2.1 NOTE
r-release-windows-ix86+x86_64 0.2.1 152.00 114.00 266.00 OK
r-oldrel-macos-x86_64 0.2.1 NOTE
r-oldrel-windows-ix86+x86_64 0.2.1 176.00 96.00 272.00 OK

Check Details

Version: 0.2.1
Check: LazyData
Result: NOTE
     'LazyData' is specified without a 'data' directory
Flavors: r-devel-linux-x86_64-debian-clang, r-devel-linux-x86_64-debian-gcc, r-devel-linux-x86_64-fedora-clang, r-devel-linux-x86_64-fedora-gcc, r-devel-windows-ix86+x86_64, r-devel-windows-x86_64-gcc10-UCRT, r-patched-linux-x86_64, r-patched-solaris-x86

Version: 0.2.1
Check: installed package size
Result: NOTE
     installed size is 23.9Mb
     sub-directories of 1Mb or more:
     doc 1.4Mb
     libs 22.3Mb
Flavors: r-devel-linux-x86_64-fedora-clang, r-release-macos-x86_64, r-oldrel-macos-x86_64