CRAN Package Check Results for Package riskclustr

Last updated on 2020-02-24 22:50:36 CET.

Flavor Version Tinstall Tcheck Ttotal Status Flags
r-devel-linux-x86_64-debian-clang 0.2 3.12 73.65 76.77 OK
r-devel-linux-x86_64-debian-gcc 0.2 2.19 55.97 58.16 OK
r-devel-linux-x86_64-fedora-clang 0.2 90.55 WARN
r-devel-linux-x86_64-fedora-gcc 0.2 88.09 NOTE
r-devel-windows-ix86+x86_64 0.2 7.00 83.00 90.00 OK
r-devel-windows-ix86+x86_64-gcc8 0.2 10.00 82.00 92.00 OK
r-patched-linux-x86_64 0.2 2.35 66.00 68.35 OK
r-patched-solaris-x86 0.2 145.50 NOTE
r-release-linux-x86_64 0.2 2.24 66.75 68.99 OK
r-release-windows-ix86+x86_64 0.2 5.00 80.00 85.00 OK
r-release-osx-x86_64 0.2 NOTE
r-oldrel-windows-ix86+x86_64 0.2 4.00 80.00 84.00 OK
r-oldrel-osx-x86_64 0.2 NOTE

Check Details

Version: 0.2
Check: package dependencies
Result: WARN
    Requires orphaned package: ‘mlogit’
Flavor: r-devel-linux-x86_64-fedora-clang

Version: 0.2
Check: dependencies in R code
Result: NOTE
    Namespace in Imports field not imported from: ‘gtools’
     All declared Imports should be used.
Flavors: r-devel-linux-x86_64-fedora-clang, r-devel-linux-x86_64-fedora-gcc, r-patched-solaris-x86, r-release-osx-x86_64, r-oldrel-osx-x86_64