CRAN Package Check Results for Package rjdmarkdown

Last updated on 2021-11-27 22:57:08 CET.

Flavor Version Tinstall Tcheck Ttotal Status Flags
r-devel-linux-x86_64-debian-clang 0.2.0 NOTE
r-devel-linux-x86_64-debian-gcc 0.2.0 4.29 71.65 75.94 NOTE
r-devel-linux-x86_64-fedora-clang 0.2.0 13.61 ERROR
r-devel-linux-x86_64-fedora-gcc 0.2.0 126.02 NOTE
r-devel-windows-x86_64-new-UL 0.2.0 14.00 146.00 160.00 NOTE
r-devel-windows-x86_64-new-TK 0.2.0 NOTE
r-devel-windows-x86_64-old 0.2.0 8.00 115.00 123.00 NOTE
r-patched-linux-x86_64 0.2.0 4.57 102.87 107.44 NOTE
r-release-linux-x86_64 0.2.0 NOTE
r-release-macos-arm64 0.2.0 NOTE
r-release-macos-x86_64 0.2.0 NOTE
r-release-windows-ix86+x86_64 0.2.0 15.00 91.00 106.00 NOTE
r-oldrel-macos-x86_64 0.2.0 OK
r-oldrel-windows-ix86+x86_64 0.2.0 16.00 119.00 135.00 OK

Additional issues

M1mac

Check Details

Version: 0.2.0
Check: LazyData
Result: NOTE
     'LazyData' is specified without a 'data' directory
Flavors: r-devel-linux-x86_64-debian-clang, r-devel-linux-x86_64-debian-gcc, r-devel-linux-x86_64-fedora-gcc, r-devel-windows-x86_64-new-UL, r-devel-windows-x86_64-new-TK, r-devel-windows-x86_64-old, r-patched-linux-x86_64, r-release-linux-x86_64, r-release-macos-arm64, r-release-macos-x86_64, r-release-windows-ix86+x86_64

Version: 0.2.0
Check: package dependencies
Result: ERROR
    Package required but not available: ‘RJDemetra’
    
    Package suggested but not available for checking: ‘ggdemetra’
    
    See section ‘The DESCRIPTION file’ in the ‘Writing R Extensions’
    manual.
Flavor: r-devel-linux-x86_64-fedora-clang