CRAN Package Check Results for Package rjtools

Last updated on 2024-06-13 22:49:42 CEST.

Flavor Version Tinstall Tcheck Ttotal Status Flags
r-devel-linux-x86_64-debian-clang 1.0.13 8.64 68.62 77.26 OK
r-devel-linux-x86_64-debian-gcc 1.0.13 0.80 1.87 2.67 ERROR
r-devel-linux-x86_64-fedora-clang 1.0.13 103.14 OK
r-devel-linux-x86_64-fedora-gcc 1.0.13 111.33 OK
r-devel-windows-x86_64 1.0.13 7.00 72.00 79.00 OK
r-patched-linux-x86_64 1.0.13 10.22 65.60 75.82 OK
r-release-linux-x86_64 1.0.13 7.55 65.22 72.77 OK
r-release-macos-arm64 1.0.13 44.00 OK
r-release-macos-x86_64 1.0.13 61.00 OK
r-release-windows-x86_64 1.0.13 8.00 80.00 88.00 OK
r-oldrel-macos-arm64 1.0.13 48.00 OK
r-oldrel-macos-x86_64 1.0.13 76.00 OK
r-oldrel-windows-x86_64 1.0.13 10.00 81.00 91.00 OK

Check Details

Version: 1.0.13
Check: package dependencies
Result: ERROR Packages required but not available: 'distill', 'stringr', 'purrr' Package suggested but not available for checking: ‘testthat’ See section ‘The DESCRIPTION file’ in the ‘Writing R Extensions’ manual. Flavor: r-devel-linux-x86_64-debian-gcc