CRAN Package Check Results for Package rlas

Last updated on 2021-07-31 22:53:46 CEST.

Flavor Version Tinstall Tcheck Ttotal Status Flags
r-devel-linux-x86_64-debian-clang 1.5.0 487.95 34.59 522.54 OK
r-devel-linux-x86_64-debian-gcc 1.5.0 274.44 26.88 301.32 OK
r-devel-linux-x86_64-fedora-clang 1.5.0 753.95 NOTE
r-devel-linux-x86_64-fedora-gcc 1.5.0 605.09 OK
r-devel-windows-x86_64 1.5.0 442.00 72.00 514.00 OK
r-devel-windows-x86_64-gcc10-UCRT 1.5.0 OK
r-patched-linux-x86_64 1.5.0 OK
r-patched-solaris-x86 1.5.0 534.20 OK
r-release-linux-x86_64 1.5.0 349.25 33.34 382.59 OK
r-release-macos-arm64 1.5.0 NOTE
r-release-macos-x86_64 1.5.0 NOTE
r-release-windows-ix86+x86_64 1.5.0 1087.00 77.00 1164.00 NOTE
r-oldrel-macos-x86_64 1.5.0 NOTE
r-oldrel-windows-ix86+x86_64 1.5.0 798.00 102.00 900.00 NOTE

Check Details

Version: 1.5.0
Check: installed package size
Result: NOTE
     installed size is 10.6Mb
     sub-directories of 1Mb or more:
     libs 10.2Mb
Flavors: r-devel-linux-x86_64-fedora-clang, r-release-macos-arm64, r-release-macos-x86_64, r-release-windows-ix86+x86_64, r-oldrel-macos-x86_64, r-oldrel-windows-ix86+x86_64