Last updated on 2023-10-04 00:01:58 CEST.
Flavor | Version | Tinstall | Tcheck | Ttotal | Status | Flags |
---|---|---|---|---|---|---|
r-devel-linux-x86_64-debian-clang | 0.2.1 | 104.68 | 44.47 | 149.15 | OK | |
r-devel-linux-x86_64-debian-gcc | 0.2.1 | 93.37 | 34.76 | 128.13 | OK | |
r-devel-linux-x86_64-fedora-clang | 0.2.1 | 202.84 | NOTE | |||
r-devel-linux-x86_64-fedora-gcc | 0.2.1 | 233.68 | OK | |||
r-devel-windows-x86_64 | 0.2.1 | 71.00 | 94.00 | 165.00 | NOTE | |
r-patched-linux-x86_64 | 0.2.1 | 128.70 | 43.89 | 172.59 | OK | |
r-release-linux-x86_64 | 0.2.1 | 127.65 | 44.65 | 172.30 | OK | |
r-release-macos-arm64 | 0.2.1 | 63.00 | NOTE | |||
r-release-macos-x86_64 | 0.2.1 | 98.00 | NOTE | |||
r-release-windows-x86_64 | 0.2.1 | 92.00 | 102.00 | 194.00 | NOTE | |
r-oldrel-macos-arm64 | 0.2.1 | 59.00 | NOTE | |||
r-oldrel-macos-x86_64 | 0.2.1 | 68.00 | NOTE | |||
r-oldrel-windows-x86_64 | 0.2.1 | 95.00 | 90.00 | 185.00 | NOTE |
Version: 0.2.1
Check: installed package size
Result: NOTE
installed size is 5.1Mb
sub-directories of 1Mb or more:
lemon 2.9Mb
libs 1.9Mb
Flavors: r-devel-linux-x86_64-fedora-clang, r-devel-windows-x86_64, r-release-macos-arm64, r-release-macos-x86_64, r-release-windows-x86_64, r-oldrel-macos-arm64, r-oldrel-macos-x86_64, r-oldrel-windows-x86_64