CRAN Package Check Results for Package rless

Last updated on 2024-05-25 21:57:10 CEST.

Flavor Version Tinstall Tcheck Ttotal Status Flags
r-devel-linux-x86_64-debian-clang 0.1.1 2.25 29.86 32.11 NOTE
r-devel-linux-x86_64-debian-gcc 0.1.1 1.74 23.04 24.78 NOTE
r-devel-linux-x86_64-fedora-clang 0.1.1 41.00 NOTE
r-devel-linux-x86_64-fedora-gcc 0.1.1 51.41 NOTE
r-devel-windows-x86_64 0.1.1 4.00 44.00 48.00 NOTE
r-patched-linux-x86_64 0.1.1 1.76 28.57 30.33 NOTE
r-release-linux-x86_64 0.1.1 2.16 29.01 31.17 NOTE
r-release-macos-arm64 0.1.1 24.00 NOTE
r-release-windows-x86_64 0.1.1 3.00 45.00 48.00 NOTE
r-oldrel-macos-arm64 0.1.1 22.00 NOTE
r-oldrel-macos-x86_64 0.1.1 30.00 NOTE
r-oldrel-windows-x86_64 0.1.1 3.00 47.00 50.00 NOTE

Check Details

Version: 0.1.1
Check: LazyData
Result: NOTE 'LazyData' is specified without a 'data' directory Flavors: r-devel-linux-x86_64-debian-clang, r-devel-linux-x86_64-debian-gcc, r-devel-linux-x86_64-fedora-clang, r-devel-linux-x86_64-fedora-gcc, r-devel-windows-x86_64, r-patched-linux-x86_64, r-release-linux-x86_64, r-release-macos-arm64, r-release-windows-x86_64, r-oldrel-macos-arm64, r-oldrel-macos-x86_64, r-oldrel-windows-x86_64