CRAN Package Check Results for Package rly

Last updated on 2022-01-27 23:01:16 CET.

Flavor Version Tinstall Tcheck Ttotal Status Flags
r-devel-linux-x86_64-debian-clang 1.6.2 17.21 53.57 70.78 NOTE
r-devel-linux-x86_64-debian-gcc 1.6.2 12.41 40.28 52.69 NOTE
r-devel-linux-x86_64-fedora-clang 1.6.2 84.77 NOTE
r-devel-linux-x86_64-fedora-gcc 1.6.2 73.92 NOTE
r-devel-windows-x86_64-new-UL 1.6.2 57.00 86.00 143.00 OK
r-devel-windows-x86_64-new-TK 1.6.2 OK
r-patched-linux-x86_64 1.6.2 16.19 49.77 65.96 NOTE
r-release-linux-x86_64 1.6.2 11.55 50.64 62.19 NOTE
r-release-macos-arm64 1.6.2 OK
r-release-macos-x86_64 1.6.2 OK
r-release-windows-ix86+x86_64 1.6.2 31.00 91.00 122.00 OK
r-oldrel-macos-x86_64 1.6.2 OK
r-oldrel-windows-ix86+x86_64 1.6.2 33.00 90.00 123.00 OK

Check Details

Version: 1.6.2
Check: for non-standard things in the check directory
Result: NOTE
    Found the following files/directories:
     'file.out'
Flavors: r-devel-linux-x86_64-debian-clang, r-devel-linux-x86_64-debian-gcc, r-devel-linux-x86_64-fedora-clang, r-devel-linux-x86_64-fedora-gcc, r-patched-linux-x86_64, r-release-linux-x86_64