Last updated on 2023-12-04 22:57:52 CET.
Flavor | Version | Tinstall | Tcheck | Ttotal | Status | Flags |
---|---|---|---|---|---|---|
r-devel-linux-x86_64-debian-clang | 0.5.0 | 6.48 | 86.63 | 93.11 | NOTE | |
r-devel-linux-x86_64-debian-gcc | 0.5.0 | 4.44 | 65.02 | 69.46 | NOTE | |
r-devel-linux-x86_64-fedora-gcc | 0.5.0 | 123.43 | OK | |||
r-devel-windows-x86_64 | 0.5.0 | 8.00 | 82.00 | 90.00 | OK | |
r-patched-linux-x86_64 | 0.5.0 | 7.12 | 85.68 | 92.80 | OK | |
r-release-linux-x86_64 | 0.5.0 | 4.68 | 85.58 | 90.26 | OK | |
r-release-macos-arm64 | 0.5.0 | 42.00 | OK | |||
r-release-macos-x86_64 | 0.5.0 | 77.00 | OK | |||
r-release-windows-x86_64 | 0.5.0 | 9.00 | 92.00 | 101.00 | OK | |
r-oldrel-macos-arm64 | 0.5.0 | 38.00 | OK | |||
r-oldrel-macos-x86_64 | 0.5.0 | 48.00 | OK | |||
r-oldrel-windows-x86_64 | 0.5.0 | 9.00 | 96.00 | 105.00 | OK |
Version: 0.5.0
Check: Rd files
Result: NOTE
checkRd: (-1) ms_simplify.Rd:36: Lost braces
36 | \url{https://github.com/mbloch/mapshaper/wiki/Simplification-Tips}{link}
| ^
Flavors: r-devel-linux-x86_64-debian-clang, r-devel-linux-x86_64-debian-gcc