CRAN Package Check Results for Package rmapshaper

Last updated on 2024-06-21 22:56:47 CEST.

Flavor Version Tinstall Tcheck Ttotal Status Flags
r-devel-linux-x86_64-debian-clang 0.5.0 7.43 88.97 96.40 NOTE
r-devel-linux-x86_64-debian-gcc 0.5.0 5.27 67.41 72.68 NOTE
r-devel-linux-x86_64-fedora-gcc 0.5.0 128.98 NOTE
r-devel-windows-x86_64 0.5.0 7.00 84.00 91.00 NOTE
r-patched-linux-x86_64 0.5.0 7.53 90.63 98.16 NOTE
r-release-linux-x86_64 0.5.0 6.95 87.27 94.22 NOTE
r-release-macos-arm64 0.5.0 42.00 NOTE
r-release-macos-x86_64 0.5.0 63.00 NOTE
r-release-windows-x86_64 0.5.0 8.00 86.00 94.00 NOTE
r-oldrel-macos-arm64 0.5.0 42.00 OK
r-oldrel-macos-x86_64 0.5.0 77.00 OK
r-oldrel-windows-x86_64 0.5.0 9.00 92.00 101.00 OK

Check Details

Version: 0.5.0
Check: Rd files
Result: NOTE checkRd: (-1) ms_simplify.Rd:36: Lost braces 36 | \url{https://github.com/mbloch/mapshaper/wiki/Simplification-Tips}{link} | ^ Flavors: r-devel-linux-x86_64-debian-clang, r-devel-linux-x86_64-debian-gcc, r-devel-linux-x86_64-fedora-gcc, r-devel-windows-x86_64, r-patched-linux-x86_64, r-release-linux-x86_64, r-release-macos-arm64, r-release-macos-x86_64, r-release-windows-x86_64