Last updated on 2024-04-23 22:55:34 CEST.
Flavor | Version | Tinstall | Tcheck | Ttotal | Status | Flags |
---|---|---|---|---|---|---|
r-devel-linux-x86_64-debian-clang | 0.5.1 | 5.58 | 113.65 | 119.23 | OK | |
r-devel-linux-x86_64-debian-gcc | 0.5.1 | 3.69 | 80.36 | 84.05 | OK | |
r-devel-linux-x86_64-fedora-clang | 0.5.1 | 144.51 | NOTE | |||
r-devel-linux-x86_64-fedora-gcc | 0.5.1 | 151.82 | NOTE | |||
r-prerel-macos-arm64 | 0.5.1 | 43.00 | OK | |||
r-prerel-windows-x86_64 | 0.5.1 | 7.00 | 101.00 | 108.00 | OK | |
r-patched-linux-x86_64 | 0.5.1 | 5.31 | 108.63 | 113.94 | OK | |
r-release-linux-x86_64 | 0.5.1 | 3.11 | 102.85 | 105.96 | OK | |
r-release-macos-arm64 | 0.5.1 | 61.00 | OK | |||
r-release-macos-x86_64 | 0.5.1 | 88.00 | OK | |||
r-release-windows-x86_64 | 0.5.1 | 8.00 | 120.00 | 128.00 | OK | |
r-oldrel-macos-arm64 | 0.5.1 | 41.00 | OK | |||
r-oldrel-windows-x86_64 | 0.5.1 | 7.00 | 115.00 | 122.00 | OK |
Version: 0.5.1
Check: data for non-ASCII characters
Result: NOTE
Note: found 31 marked UTF-8 strings
Flavors: r-devel-linux-x86_64-fedora-clang, r-devel-linux-x86_64-fedora-gcc