CRAN Package Check Results for Package rmarkdown

Last updated on 2020-01-17 22:51:04 CET.

Flavor Version Tinstall Tcheck Ttotal Status Flags
r-devel-linux-x86_64-debian-clang 2.0 9.56 65.78 75.34 OK
r-devel-linux-x86_64-debian-gcc 2.0 7.80 50.46 58.26 OK
r-devel-linux-x86_64-fedora-clang 2.0 98.69 NOTE
r-devel-linux-x86_64-fedora-gcc 2.0 95.82 OK
r-devel-windows-ix86+x86_64 2.0 31.00 118.00 149.00 NOTE
r-devel-windows-ix86+x86_64-gcc8 2.0 23.00 105.00 128.00 NOTE
r-patched-linux-x86_64 2.0 9.31 59.88 69.19 OK
r-patched-solaris-x86 2.0 113.10 NOTE
r-release-linux-x86_64 2.0 9.26 58.48 67.74 OK
r-release-windows-ix86+x86_64 2.0 27.00 73.00 100.00 NOTE
r-release-osx-x86_64 2.0 NOTE
r-oldrel-windows-ix86+x86_64 2.0 27.00 93.00 120.00 NOTE
r-oldrel-osx-x86_64 2.0 NOTE

Check Details

Version: 2.0
Check: installed package size
Result: NOTE
     installed size is 9.3Mb
     sub-directories of 1Mb or more:
     rmd 8.3Mb
Flavors: r-devel-linux-x86_64-fedora-clang, r-devel-windows-ix86+x86_64, r-devel-windows-ix86+x86_64-gcc8, r-patched-solaris-x86, r-release-windows-ix86+x86_64, r-release-osx-x86_64, r-oldrel-windows-ix86+x86_64, r-oldrel-osx-x86_64