CRAN Package Check Results for Package rmarkdown

Last updated on 2021-10-23 22:58:00 CEST.

Flavor Version Tinstall Tcheck Ttotal Status Flags
r-devel-linux-x86_64-debian-clang 2.11 12.09 64.99 77.08 OK
r-devel-linux-x86_64-debian-gcc 2.11 9.48 49.43 58.91 OK
r-devel-linux-x86_64-fedora-clang 2.11 109.66 NOTE
r-devel-linux-x86_64-fedora-gcc 2.11 95.34 OK
r-devel-windows-x86_64 2.11 18.00 108.00 126.00 NOTE
r-devel-windows-x86_64-gcc10-UCRT 2.11 OK
r-patched-linux-x86_64 2.11 14.08 63.88 77.96 OK
r-patched-solaris-x86 2.11 121.10 NOTE
r-release-linux-x86_64 2.11 12.49 63.37 75.86 OK
r-release-macos-arm64 2.11 NOTE
r-release-macos-x86_64 2.11 NOTE
r-release-windows-ix86+x86_64 2.11 18.00 91.00 109.00 NOTE
r-oldrel-macos-x86_64 2.11 NOTE
r-oldrel-windows-ix86+x86_64 2.11 21.00 91.00 112.00 NOTE

Check Details

Version: 2.11
Check: installed package size
Result: NOTE
     installed size is 9.3Mb
     sub-directories of 1Mb or more:
     rmd 8.2Mb
Flavors: r-devel-linux-x86_64-fedora-clang, r-devel-windows-x86_64, r-patched-solaris-x86, r-release-macos-arm64, r-release-macos-x86_64, r-release-windows-ix86+x86_64, r-oldrel-macos-x86_64, r-oldrel-windows-ix86+x86_64