Last updated on 2023-06-01 23:00:15 CEST.
Flavor | Version | Tinstall | Tcheck | Ttotal | Status | Flags |
---|---|---|---|---|---|---|
r-devel-linux-x86_64-debian-clang | 2.21 | 13.99 | 93.13 | 107.12 | OK | |
r-devel-linux-x86_64-debian-gcc | 2.21 | 10.07 | 71.13 | 81.20 | OK | |
r-devel-linux-x86_64-fedora-clang | 2.22 | 130.35 | NOTE | |||
r-devel-linux-x86_64-fedora-gcc | 2.22 | 80.55 | OK | |||
r-devel-windows-x86_64 | 2.21 | 14.00 | 91.00 | 105.00 | NOTE | |
r-patched-linux-x86_64 | 2.21 | OK | ||||
r-release-linux-x86_64 | 2.21 | 12.63 | 89.04 | 101.67 | OK | |
r-release-macos-arm64 | 2.21 | 55.00 | NOTE | |||
r-release-macos-x86_64 | 2.21 | 79.00 | NOTE | |||
r-release-windows-x86_64 | 2.21 | 17.00 | 100.00 | 117.00 | NOTE | |
r-oldrel-macos-arm64 | 2.21 | 51.00 | NOTE | |||
r-oldrel-macos-x86_64 | 2.21 | 55.00 | NOTE | |||
r-oldrel-windows-x86_64 | 2.21 | 16.00 | 88.00 | 104.00 | NOTE |
Version: 2.22
Check: installed package size
Result: NOTE
installed size is 7.3Mb
sub-directories of 1Mb or more:
rmd 6.2Mb
Flavor: r-devel-linux-x86_64-fedora-clang
Version: 2.21
Check: installed package size
Result: NOTE
installed size is 6.7Mb
sub-directories of 1Mb or more:
rmd 5.7Mb
Flavors: r-devel-windows-x86_64, r-release-macos-arm64, r-release-macos-x86_64, r-release-windows-x86_64, r-oldrel-macos-arm64, r-oldrel-macos-x86_64, r-oldrel-windows-x86_64