Last updated on 2024-03-27 22:57:57 CET.
Flavor | Version | Tinstall | Tcheck | Ttotal | Status | Flags |
---|---|---|---|---|---|---|
r-devel-linux-x86_64-debian-clang | 0.5.8 | 2.48 | 32.60 | 35.08 | NOTE | |
r-devel-linux-x86_64-debian-gcc | 0.5.8 | 1.78 | 24.46 | 26.24 | NOTE | |
r-devel-linux-x86_64-fedora-clang | 0.5.8 | 43.92 | NOTE | |||
r-devel-linux-x86_64-fedora-gcc | 0.5.8 | 53.90 | NOTE | |||
r-devel-windows-x86_64 | 0.5.8 | 3.00 | 48.00 | 51.00 | NOTE | |
r-patched-linux-x86_64 | 0.5.8 | 1.54 | 30.01 | 31.55 | NOTE | |
r-release-linux-x86_64 | 0.5.8 | 1.43 | 29.55 | 30.98 | NOTE | |
r-release-macos-arm64 | 0.5.8 | 30.00 | NOTE | |||
r-release-macos-x86_64 | 0.5.8 | 34.00 | NOTE | |||
r-release-windows-x86_64 | 0.5.8 | 3.00 | 47.00 | 50.00 | NOTE | |
r-oldrel-macos-arm64 | 0.5.8 | 19.00 | NOTE | |||
r-oldrel-windows-x86_64 | 0.5.8 | 3.00 | 54.00 | 57.00 | NOTE |
Version: 0.5.8
Check: package subdirectories
Result: NOTE
Problems with news in ‘NEWS.md’:
No news entries found.
Flavors: r-devel-linux-x86_64-debian-clang, r-devel-linux-x86_64-debian-gcc, r-devel-linux-x86_64-fedora-clang, r-devel-linux-x86_64-fedora-gcc, r-devel-windows-x86_64, r-patched-linux-x86_64, r-release-linux-x86_64, r-release-macos-arm64, r-release-macos-x86_64, r-release-windows-x86_64
Version: 0.5.8
Check: LazyData
Result: NOTE
'LazyData' is specified without a 'data' directory
Flavors: r-devel-linux-x86_64-debian-clang, r-devel-linux-x86_64-debian-gcc, r-devel-linux-x86_64-fedora-clang, r-devel-linux-x86_64-fedora-gcc, r-devel-windows-x86_64, r-patched-linux-x86_64, r-release-linux-x86_64, r-release-macos-arm64, r-release-macos-x86_64, r-release-windows-x86_64, r-oldrel-macos-arm64, r-oldrel-windows-x86_64